Last updated on 2025-04-30 13:54:18 CEST.
Flavor | Version | Tinstall | Tcheck | Ttotal | Status | Flags |
---|---|---|---|---|---|---|
r-devel-linux-x86_64-debian-clang | 1.0.2 | 3.19 | 58.77 | 61.96 | NOTE | |
r-devel-linux-x86_64-debian-gcc | 1.0.2 | 2.54 | 41.79 | 44.33 | OK | |
r-devel-linux-x86_64-fedora-clang | 1.0.2 | 95.02 | OK | |||
r-devel-linux-x86_64-fedora-gcc | 1.0.2 | 105.41 | OK | |||
r-devel-windows-x86_64 | 1.0.2 | 7.00 | 83.00 | 90.00 | OK | |
r-patched-linux-x86_64 | 1.0.2 | 2.51 | 55.10 | 57.61 | OK | |
r-release-linux-x86_64 | 1.0.2 | 3.16 | 54.76 | 57.92 | OK | |
r-release-macos-arm64 | 1.0.2 | 51.00 | OK | |||
r-release-macos-x86_64 | 1.0.2 | 69.00 | OK | |||
r-release-windows-x86_64 | 1.0.2 | 7.00 | 81.00 | 88.00 | OK | |
r-oldrel-macos-arm64 | 1.0.2 | 44.00 | OK | |||
r-oldrel-macos-x86_64 | 1.0.2 | 72.00 | OK | |||
r-oldrel-windows-x86_64 | 1.0.2 | 8.00 | 94.00 | 102.00 | OK |
Version: 1.0.2
Check: examples
Result: NOTE
Examples with CPU (user + system) or elapsed time > 5s
user system elapsed
plot.lemna_result 6.699 0.059 8.003
focusd2 4.853 0.000 5.859
focusd1 4.678 0.000 6.190
Flavor: r-devel-linux-x86_64-debian-clang