Last updated on 2024-06-29 11:49:15 CEST.
Flavor | Version | Tinstall | Tcheck | Ttotal | Status | Flags |
---|---|---|---|---|---|---|
r-devel-linux-x86_64-debian-clang | 6.2.1 | 814.14 | 240.79 | 1054.93 | OK | |
r-devel-linux-x86_64-debian-gcc | 6.2.1 | 763.07 | 175.26 | 938.33 | OK | |
r-devel-linux-x86_64-fedora-clang | 6.2.1 | 1295.14 | NOTE | |||
r-devel-linux-x86_64-fedora-gcc | 6.2.1 | 1660.14 | OK | |||
r-devel-windows-x86_64 | 6.2.1 | 613.00 | 251.00 | 864.00 | NOTE | |
r-patched-linux-x86_64 | 6.2.1 | 848.49 | 232.69 | 1081.18 | OK | |
r-release-linux-x86_64 | 6.2.1 | 787.89 | 228.37 | 1016.26 | OK | |
r-release-macos-arm64 | 6.2.1 | 279.00 | NOTE | |||
r-release-macos-x86_64 | 6.2.1 | 337.00 | NOTE | |||
r-release-windows-x86_64 | 6.2.1 | 610.00 | 258.00 | 868.00 | NOTE | |
r-oldrel-macos-arm64 | 6.2.1 | 253.00 | NOTE | |||
r-oldrel-macos-x86_64 | 6.2.1 | 383.00 | NOTE | |||
r-oldrel-windows-x86_64 | 6.2.1 | 827.00 | 304.00 | 1131.00 | NOTE |
Version: 6.2.1
Check: installed package size
Result: NOTE
installed size is 12.1Mb
sub-directories of 1Mb or more:
doc 2.5Mb
libs 7.9Mb
Flavors: r-devel-linux-x86_64-fedora-clang, r-devel-windows-x86_64, r-release-macos-arm64, r-release-macos-x86_64, r-release-windows-x86_64, r-oldrel-macos-arm64, r-oldrel-macos-x86_64, r-oldrel-windows-x86_64