Last updated on 2024-06-15 19:55:02 CEST.
Flavor | Version | Tinstall | Tcheck | Ttotal | Status | Flags |
---|---|---|---|---|---|---|
r-devel-linux-x86_64-debian-clang | 1.3 | 30.53 | 264.43 | 294.96 | NOTE | |
r-devel-linux-x86_64-debian-gcc | 1.3 | 22.74 | 188.74 | 211.48 | NOTE | |
r-devel-linux-x86_64-fedora-clang | 1.3 | 372.93 | NOTE | |||
r-devel-linux-x86_64-fedora-gcc | 1.3 | 247.75 | NOTE | |||
r-devel-windows-x86_64 | 1.3 | 23.00 | 179.00 | 202.00 | NOTE | |
r-patched-linux-x86_64 | 1.3 | 17.98 | 246.84 | 264.82 | NOTE | |
r-release-linux-x86_64 | 1.3 | 19.44 | 247.54 | 266.98 | NOTE | |
r-release-macos-arm64 | 1.3 | 90.00 | NOTE | |||
r-release-macos-x86_64 | 1.3 | 149.00 | NOTE | |||
r-release-windows-x86_64 | 1.3 | 25.00 | 181.00 | 206.00 | NOTE | |
r-oldrel-macos-arm64 | 1.3 | 105.00 | OK | |||
r-oldrel-macos-x86_64 | 1.3 | 100.00 | OK | |||
r-oldrel-windows-x86_64 | 1.3 | 23.00 | 227.00 | 250.00 | OK |
Version: 1.3
Check: Rd files
Result: NOTE
checkRd: (-1) IPODFUN.Rd:18: Lost braces; missing escapes or markup?
18 | \item{H}{an N by N projection matrix X(X'X)^{-1}X' }
| ^
Flavors: r-devel-linux-x86_64-debian-clang, r-devel-linux-x86_64-debian-gcc, r-devel-linux-x86_64-fedora-clang, r-devel-linux-x86_64-fedora-gcc, r-devel-windows-x86_64, r-patched-linux-x86_64, r-release-linux-x86_64, r-release-macos-arm64, r-release-macos-x86_64, r-release-windows-x86_64