Last updated on 2025-05-22 03:50:40 CEST.
Flavor | Version | Tinstall | Tcheck | Ttotal | Status | Flags |
---|---|---|---|---|---|---|
r-devel-linux-x86_64-debian-clang | 0.2.2 | 3.35 | 36.63 | 39.98 | OK | |
r-devel-linux-x86_64-debian-gcc | 0.2.2 | 2.59 | 1.44 | 4.03 | FAIL | |
r-devel-linux-x86_64-fedora-clang | 0.2.2 | 63.03 | OK | |||
r-devel-linux-x86_64-fedora-gcc | 0.2.2 | 56.91 | OK | |||
r-devel-windows-x86_64 | 0.2.2 | 6.00 | 69.00 | 75.00 | OK | |
r-patched-linux-x86_64 | 0.2.2 | 3.78 | 34.57 | 38.35 | OK | |
r-release-linux-x86_64 | 0.2.2 | 3.16 | 33.87 | 37.03 | OK | |
r-release-macos-arm64 | 0.2.2 | 24.00 | OK | |||
r-release-macos-x86_64 | 0.2.2 | 38.00 | OK | |||
r-release-windows-x86_64 | 0.2.2 | 7.00 | 56.00 | 63.00 | OK | |
r-oldrel-macos-arm64 | 0.2.2 | 195.00 | OK | |||
r-oldrel-macos-x86_64 | 0.2.2 | 211.00 | OK | |||
r-oldrel-windows-x86_64 | 0.2.2 | 7.00 | 61.00 | 68.00 | OK |
Version: 0.2.2
Check: package dependencies
Result: FAIL
Flavor: r-devel-linux-x86_64-debian-gcc