CRAN Package Check Results for Package lctools

Last updated on 2025-04-30 19:50:05 CEST.

Flavor Version Tinstall Tcheck Ttotal Status Flags
r-devel-linux-x86_64-debian-clang 0.2-10 14.52 183.28 197.80 NOTE
r-devel-linux-x86_64-debian-gcc 0.2-10 11.34 127.85 139.19 NOTE
r-devel-linux-x86_64-fedora-clang 0.2-10 296.44 OK
r-devel-linux-x86_64-fedora-gcc 0.2-10 298.61 OK
r-devel-windows-x86_64 0.2-10 17.00 212.00 229.00 NOTE
r-patched-linux-x86_64 0.2-10 15.93 170.73 186.66 NOTE
r-release-linux-x86_64 0.2-10 15.02 171.11 186.13 NOTE
r-release-macos-arm64 0.2-10 88.00 OK
r-release-macos-x86_64 0.2-10 165.00 OK
r-release-windows-x86_64 0.2-10 17.00 204.00 221.00 NOTE
r-oldrel-macos-arm64 0.2-10 91.00 OK
r-oldrel-macos-x86_64 0.2-10 132.00 OK
r-oldrel-windows-x86_64 0.2-10 23.00 239.00 262.00 OK

Check Details

Version: 0.2-10
Check: CRAN incoming feasibility
Result: NOTE Maintainer: ‘Stamatis Kalogirou <stamatis.science@gmail.com>’ No Authors@R field in DESCRIPTION. Please add one, modifying Authors@R: person(given = "Stamatis", family = "Kalogirou", role = c("aut", "cre"), email = "stamatis.science@gmail.com") as necessary. Flavors: r-devel-linux-x86_64-debian-clang, r-devel-linux-x86_64-debian-gcc

Version: 0.2-10
Check: Rd cross-references
Result: NOTE Found the following Rd file(s) with Rd \link{} targets missing package anchors: gw.zi.Rd: zeroinfl gw.zi.bw.Rd: zeroinfl gw.zi.cv.Rd: zeroinfl gw.zi.light.Rd: zeroinfl gw.zi.mc.test.Rd: zeroinfl Please provide package anchors for all Rd \link{} targets not in the package itself and the base packages. Flavors: r-devel-linux-x86_64-debian-clang, r-devel-linux-x86_64-debian-gcc, r-devel-windows-x86_64, r-patched-linux-x86_64, r-release-linux-x86_64, r-release-windows-x86_64

Version: 0.2-10
Check: examples
Result: NOTE Examples with CPU (user + system) or elapsed time > 5s user system elapsed mc_correl 5.112 0.072 6.194 Flavor: r-devel-linux-x86_64-debian-clang