Last updated on 2025-04-29 19:50:36 CEST.
Flavor | Version | Tinstall | Tcheck | Ttotal | Status | Flags |
---|---|---|---|---|---|---|
r-devel-linux-x86_64-debian-clang | 0.3.2 | 2.33 | 34.97 | 37.30 | NOTE | |
r-devel-linux-x86_64-debian-gcc | 0.3.2 | 1.90 | 24.85 | 26.75 | NOTE | |
r-devel-linux-x86_64-fedora-clang | 0.3.2 | 58.05 | OK | |||
r-devel-linux-x86_64-fedora-gcc | 0.3.2 | 56.57 | OK | |||
r-devel-windows-x86_64 | 0.3.2 | 3.00 | 53.00 | 56.00 | OK | |
r-patched-linux-x86_64 | 0.3.2 | 2.60 | 33.91 | 36.51 | OK | |
r-release-linux-x86_64 | 0.3.2 | 2.22 | 34.32 | 36.54 | OK | |
r-release-macos-arm64 | 0.3.2 | 20.00 | OK | |||
r-release-macos-x86_64 | 0.3.2 | 34.00 | OK | |||
r-release-windows-x86_64 | 0.3.2 | 3.00 | 55.00 | 58.00 | OK | |
r-oldrel-macos-arm64 | 0.3.2 | 20.00 | OK | |||
r-oldrel-macos-x86_64 | 0.3.2 | 30.00 | OK | |||
r-oldrel-windows-x86_64 | 0.3.2 | 3.00 | 59.00 | 62.00 | OK |
Version: 0.3.2
Check: CRAN incoming feasibility
Result: NOTE
Maintainer: ‘Michael Buecker <michael.buecker@fh-muenster.de>’
No Authors@R field in DESCRIPTION.
Please add one, modifying
Authors@R: person(given = "Michael",
family = "Buecker",
role = c("aut", "cre"),
email = "michael.buecker@fh-muenster.de")
as necessary.
Flavors: r-devel-linux-x86_64-debian-clang, r-devel-linux-x86_64-debian-gcc
Version: 0.3.2
Check: examples
Result: NOTE
Examples with CPU (user + system) or elapsed time > 5s
user system elapsed
predict.cclcda2 5.304 0.001 7.025
cclcda2 5.284 0.000 7.705
Flavor: r-devel-linux-x86_64-debian-clang