Last updated on 2024-06-29 11:49:15 CEST.
Flavor | Version | Tinstall | Tcheck | Ttotal | Status | Flags |
---|---|---|---|---|---|---|
r-devel-linux-x86_64-debian-clang | 1.1.4 | 12.58 | 81.79 | 94.37 | OK | |
r-devel-linux-x86_64-debian-gcc | 1.1.4 | 8.94 | 60.54 | 69.48 | OK | |
r-devel-linux-x86_64-fedora-clang | 1.1.4 | 113.70 | NOTE | |||
r-devel-linux-x86_64-fedora-gcc | 1.1.4 | 106.80 | OK | |||
r-devel-windows-x86_64 | 1.1.4 | 11.00 | 83.00 | 94.00 | OK | |
r-patched-linux-x86_64 | 1.1.4 | 10.03 | 77.19 | 87.22 | OK | |
r-release-linux-x86_64 | 1.1.4 | 10.11 | 78.64 | 88.75 | OK | |
r-release-macos-arm64 | 1.1.4 | 34.00 | OK | |||
r-release-macos-x86_64 | 1.1.4 | 50.00 | OK | |||
r-release-windows-x86_64 | 1.1.4 | 11.00 | 85.00 | 96.00 | OK | |
r-oldrel-macos-arm64 | 1.1.4 | 35.00 | OK | |||
r-oldrel-macos-x86_64 | 1.1.4 | 53.00 | OK | |||
r-oldrel-windows-x86_64 | 1.1.4 | 14.00 | 98.00 | 112.00 | OK |
Version: 1.1.4
Check: Rd cross-references
Result: NOTE
Undeclared package ‘gridExtra’ in Rd xrefs
Flavor: r-devel-linux-x86_64-fedora-clang