CRAN Package Check Results for Package lava

Last updated on 2025-04-17 03:51:06 CEST.

Flavor Version Tinstall Tcheck Ttotal Status Flags
r-devel-linux-x86_64-debian-clang 1.8.1 41.84 360.19 402.03 NOTE
r-devel-linux-x86_64-debian-gcc 1.8.1 19.97 231.22 251.19 NOTE
r-devel-linux-x86_64-fedora-clang 1.8.1 621.57 NOTE
r-devel-linux-x86_64-fedora-gcc 1.8.1 592.40 NOTE
r-devel-windows-x86_64 1.8.1 36.00 332.00 368.00 NOTE
r-patched-linux-x86_64 1.8.1 32.92 341.79 374.71 NOTE
r-release-linux-x86_64 1.8.1 36.64 341.90 378.54 NOTE
r-release-macos-arm64 1.8.1 176.00 NOTE
r-release-macos-x86_64 1.8.1 485.00 NOTE
r-release-windows-x86_64 1.8.1 39.00 336.00 375.00 NOTE
r-oldrel-macos-arm64 1.8.1 150.00 OK
r-oldrel-macos-x86_64 1.8.1 444.00 OK
r-oldrel-windows-x86_64 1.8.1 50.00 438.00 488.00 OK

Check Details

Version: 1.8.1
Check: DESCRIPTION meta-information
Result: NOTE Missing dependency on R >= 4.1.0 because package code uses the pipe |> or function shorthand \(...) syntax added in R 4.1.0. File(s) using such syntax: ‘contr.Rd’ Flavors: r-devel-linux-x86_64-debian-clang, r-devel-linux-x86_64-debian-gcc, r-devel-linux-x86_64-fedora-clang, r-devel-linux-x86_64-fedora-gcc, r-devel-windows-x86_64, r-patched-linux-x86_64, r-release-linux-x86_64, r-release-macos-arm64, r-release-macos-x86_64, r-release-windows-x86_64