Last updated on 2024-06-29 11:49:15 CEST.
Flavor | Version | Tinstall | Tcheck | Ttotal | Status | Flags |
---|---|---|---|---|---|---|
r-devel-linux-x86_64-debian-clang | 2.11.0 | 25.76 | 220.24 | 246.00 | NOTE | |
r-devel-linux-x86_64-debian-gcc | 2.11.0 | 19.34 | 157.15 | 176.49 | NOTE | |
r-devel-linux-x86_64-fedora-clang | 2.11.0 | 297.59 | NOTE | |||
r-devel-linux-x86_64-fedora-gcc | 2.11.0 | 282.68 | NOTE | |||
r-devel-windows-x86_64 | 2.11.0 | 27.00 | 180.00 | 207.00 | NOTE | |
r-patched-linux-x86_64 | 2.11.0 | 33.56 | 205.87 | 239.43 | NOTE | |
r-release-linux-x86_64 | 2.11.0 | 21.43 | 211.18 | 232.61 | NOTE | |
r-release-macos-arm64 | 2.11.0 | 76.00 | NOTE | |||
r-release-macos-x86_64 | 2.11.0 | 116.00 | NOTE | |||
r-release-windows-x86_64 | 2.11.0 | 28.00 | 186.00 | 214.00 | NOTE | |
r-oldrel-macos-arm64 | 2.11.0 | 89.00 | NOTE | |||
r-oldrel-macos-x86_64 | 2.11.0 | 211.00 | NOTE | |||
r-oldrel-windows-x86_64 | 2.11.0 | 35.00 | 222.00 | 257.00 | NOTE |
Version: 2.11.0
Check: for GNU extensions in Makefiles
Result: NOTE
GNU make is a SystemRequirements.
Flavors: r-devel-linux-x86_64-debian-clang, r-devel-linux-x86_64-debian-gcc, r-devel-linux-x86_64-fedora-clang, r-devel-linux-x86_64-fedora-gcc, r-devel-windows-x86_64, r-patched-linux-x86_64, r-release-linux-x86_64, r-release-macos-arm64, r-release-macos-x86_64, r-release-windows-x86_64, r-oldrel-macos-arm64, r-oldrel-macos-x86_64, r-oldrel-windows-x86_64