Last updated on 2024-06-29 11:49:15 CEST.
Flavor | Version | Tinstall | Tcheck | Ttotal | Status | Flags |
---|---|---|---|---|---|---|
r-devel-linux-x86_64-debian-clang | 2.1.3 | 170.20 | 300.01 | 470.21 | OK | |
r-devel-linux-x86_64-debian-gcc | 2.1.3 | 106.46 | 209.14 | 315.60 | OK | |
r-devel-linux-x86_64-fedora-clang | 2.1.3 | 632.03 | OK | |||
r-devel-linux-x86_64-fedora-gcc | 2.1.3 | 617.51 | OK | |||
r-devel-windows-x86_64 | 2.1.3 | 121.00 | 270.00 | 391.00 | OK | |
r-patched-linux-x86_64 | 2.1.2 | 134.83 | 281.44 | 416.27 | OK | |
r-release-linux-x86_64 | 2.1.2 | 133.13 | 281.14 | 414.27 | OK | |
r-release-macos-arm64 | 2.1.3 | 146.00 | NOTE | |||
r-release-macos-x86_64 | 2.1.3 | 293.00 | NOTE | |||
r-release-windows-x86_64 | 2.1.2 | 129.00 | 284.00 | 413.00 | OK | |
r-oldrel-macos-arm64 | 2.1.3 | 148.00 | NOTE | |||
r-oldrel-macos-x86_64 | 2.1.3 | 247.00 | NOTE | |||
r-oldrel-windows-x86_64 | 2.1.3 | 124.00 | 304.00 | 428.00 | OK |
Version: 2.1.3
Check: installed package size
Result: NOTE
installed size is 5.2Mb
sub-directories of 1Mb or more:
libs 3.5Mb
Flavors: r-release-macos-arm64, r-release-macos-x86_64, r-oldrel-macos-arm64, r-oldrel-macos-x86_64