Last updated on 2024-06-29 11:49:15 CEST.
Flavor | Version | Tinstall | Tcheck | Ttotal | Status | Flags |
---|---|---|---|---|---|---|
r-devel-linux-x86_64-debian-clang | 2.1-0 | 15.33 | 110.71 | 126.04 | NOTE | |
r-devel-linux-x86_64-debian-gcc | 2.1-0 | 10.70 | 78.89 | 89.59 | NOTE | |
r-devel-linux-x86_64-fedora-clang | 2.1-0 | 150.17 | NOTE | |||
r-devel-linux-x86_64-fedora-gcc | 2.1-0 | 145.58 | NOTE | |||
r-devel-windows-x86_64 | 2.1-0 | 18.00 | 105.00 | 123.00 | NOTE | |
r-patched-linux-x86_64 | 2.1-0 | 15.02 | 102.76 | 117.78 | NOTE | |
r-release-linux-x86_64 | 2.1-0 | 12.56 | 103.31 | 115.87 | NOTE | |
r-release-macos-arm64 | 2.1-0 | 44.00 | NOTE | |||
r-release-macos-x86_64 | 2.1-0 | 65.00 | NOTE | |||
r-release-windows-x86_64 | 2.1-0 | 16.00 | 106.00 | 122.00 | NOTE | |
r-oldrel-macos-arm64 | 2.1-0 | 48.00 | OK | |||
r-oldrel-macos-x86_64 | 2.1-0 | 120.00 | OK | |||
r-oldrel-windows-x86_64 | 2.1-0 | 22.00 | 128.00 | 150.00 | OK |
Version: 2.1-0
Check: Rd files
Result: NOTE
checkRd: (-1) reconcile.Rd:26: Lost braces
26 | refer to as the sQuote{comm} data.frame. The other data.frame contains all the
| ^
Flavors: r-devel-linux-x86_64-debian-clang, r-devel-linux-x86_64-debian-gcc, r-devel-linux-x86_64-fedora-clang, r-devel-linux-x86_64-fedora-gcc, r-devel-windows-x86_64, r-patched-linux-x86_64, r-release-linux-x86_64, r-release-macos-arm64, r-release-macos-x86_64, r-release-windows-x86_64
Version: 2.1-0
Check: Rd cross-references
Result: NOTE
Undeclared package ‘fso’ in Rd xrefs
Flavor: r-devel-linux-x86_64-fedora-clang
Version: 2.1-0
Check: compiled code
Result: NOTE
File ‘labdsv/libs/labdsv.so’:
Found no calls to: ‘R_registerRoutines’, ‘R_useDynamicSymbols’
It is good practice to register native routines and to disable symbol
search.
See ‘Writing portable packages’ in the ‘Writing R Extensions’ manual.
Flavors: r-devel-linux-x86_64-fedora-clang, r-devel-linux-x86_64-fedora-gcc