Last updated on 2025-04-30 07:55:11 CEST.
Flavor | Version | Tinstall | Tcheck | Ttotal | Status | Flags |
---|---|---|---|---|---|---|
r-devel-linux-x86_64-debian-clang | 1.2.0 | 13.33 | 101.42 | 114.75 | NOTE | |
r-devel-linux-x86_64-debian-gcc | 1.2.0 | 9.12 | 71.10 | 80.22 | NOTE | |
r-devel-linux-x86_64-fedora-clang | 1.2.0 | 167.13 | OK | |||
r-devel-linux-x86_64-fedora-gcc | 1.2.0 | 155.59 | OK | |||
r-devel-windows-x86_64 | 1.2.0 | 13.00 | 107.00 | 120.00 | OK | |
r-patched-linux-x86_64 | 1.2.0 | 12.06 | 95.38 | 107.44 | OK | |
r-release-linux-x86_64 | 1.2.0 | 11.98 | 94.03 | 106.01 | OK | |
r-release-macos-arm64 | 1.2.0 | 42.00 | OK | |||
r-release-macos-x86_64 | 1.2.0 | 88.00 | OK | |||
r-release-windows-x86_64 | 1.2.0 | 13.00 | 102.00 | 115.00 | OK | |
r-oldrel-macos-arm64 | 1.2.0 | 46.00 | OK | |||
r-oldrel-macos-x86_64 | 1.2.0 | 78.00 | OK | |||
r-oldrel-windows-x86_64 | 1.2.0 | 16.00 | 134.00 | 150.00 | OK |
Version: 1.2.0
Check: CRAN incoming feasibility
Result: NOTE
Maintainer: ‘Zhao Li <lizhao.informatics@gmail.com>’
No Authors@R field in DESCRIPTION.
Please add one, modifying
Authors@R: c(person(given = "Zhao",
family = "Li",
role = c("aut", "cre"),
email = "lizhao.informatics@gmail.com"),
person(given = "Peng",
family = "Yu",
role = c("aut", "cre")))
as necessary.
Flavors: r-devel-linux-x86_64-debian-clang, r-devel-linux-x86_64-debian-gcc