Last updated on 2024-07-02 19:48:14 CEST.
Flavor | Version | Tinstall | Tcheck | Ttotal | Status | Flags |
---|---|---|---|---|---|---|
r-devel-linux-x86_64-debian-clang | 0.1.6 | 32.93 | 31.44 | 64.37 | NOTE | |
r-devel-linux-x86_64-debian-gcc | 0.1.6 | 27.53 | 24.59 | 52.12 | NOTE | |
r-devel-linux-x86_64-fedora-clang | 0.1.6 | 96.76 | NOTE | |||
r-devel-linux-x86_64-fedora-gcc | 0.1.6 | 105.45 | NOTE | |||
r-devel-windows-x86_64 | 0.1.6 | 29.00 | 63.00 | 92.00 | NOTE | |
r-patched-linux-x86_64 | 0.1.6 | 32.27 | 30.31 | 62.58 | NOTE | |
r-release-linux-x86_64 | 0.1.6 | 31.40 | 30.34 | 61.74 | NOTE | |
r-release-macos-arm64 | 0.1.6 | 26.00 | NOTE | |||
r-release-macos-x86_64 | 0.1.6 | 35.00 | NOTE | |||
r-release-windows-x86_64 | 0.1.6 | 32.00 | 65.00 | 97.00 | NOTE | |
r-oldrel-macos-arm64 | 0.1.6 | 30.00 | NOTE | |||
r-oldrel-macos-x86_64 | 0.1.6 | 44.00 | NOTE | |||
r-oldrel-windows-x86_64 | 0.1.6 | 37.00 | 73.00 | 110.00 | NOTE |
Version: 0.1.6
Check: LazyData
Result: NOTE
'LazyData' is specified without a 'data' directory
Flavors: r-devel-linux-x86_64-debian-clang, r-devel-linux-x86_64-debian-gcc, r-devel-linux-x86_64-fedora-clang, r-devel-linux-x86_64-fedora-gcc, r-devel-windows-x86_64, r-patched-linux-x86_64, r-release-linux-x86_64, r-release-macos-arm64, r-release-macos-x86_64, r-release-windows-x86_64, r-oldrel-macos-arm64, r-oldrel-macos-x86_64, r-oldrel-windows-x86_64