CRAN Package Check Results for Package kutils

Last updated on 2025-04-30 19:50:05 CEST.

Flavor Version Tinstall Tcheck Ttotal Status Flags
r-devel-linux-x86_64-debian-clang 1.73 4.42 60.35 64.77 OK
r-devel-linux-x86_64-debian-gcc 1.73 3.71 45.03 48.74 OK
r-devel-linux-x86_64-fedora-clang 1.73 105.50 NOTE
r-devel-linux-x86_64-fedora-gcc 1.73 113.92 NOTE
r-devel-windows-x86_64 1.73 7.00 117.00 124.00 OK
r-patched-linux-x86_64 1.73 5.75 57.65 63.40 OK
r-release-linux-x86_64 1.73 5.52 58.45 63.97 OK
r-release-macos-arm64 1.73 43.00 OK
r-release-macos-x86_64 1.73 79.00 OK
r-release-windows-x86_64 1.73 8.00 111.00 119.00 OK
r-oldrel-macos-arm64 1.73 42.00 OK
r-oldrel-macos-x86_64 1.73 55.00 OK
r-oldrel-windows-x86_64 1.73 8.00 123.00 131.00 OK

Check Details

Version: 1.73
Check: dependencies in R code
Result: NOTE Namespace in Imports field not imported from: ‘RUnit’ All declared Imports should be used. Flavors: r-devel-linux-x86_64-fedora-clang, r-devel-linux-x86_64-fedora-gcc