Last updated on 2025-11-09 10:50:04 CET.
| Flavor | Version | Tinstall | Tcheck | Ttotal | Status | Flags |
|---|---|---|---|---|---|---|
| r-devel-linux-x86_64-debian-clang | 0.1-4 | 6.40 | 63.10 | 69.50 | OK | |
| r-devel-linux-x86_64-debian-gcc | 0.1-4 | 5.43 | 47.81 | 53.24 | OK | |
| r-devel-linux-x86_64-fedora-clang | 0.1-4 | 27.00 | 82.29 | 109.29 | NOTE | |
| r-devel-linux-x86_64-fedora-gcc | 0.1-4 | 14.00 | 83.50 | 97.50 | NOTE | |
| r-devel-windows-x86_64 | 0.1-4 | 8.00 | 69.00 | 77.00 | OK | |
| r-patched-linux-x86_64 | 0.1-4 | 5.88 | 59.45 | 65.33 | OK | |
| r-release-linux-x86_64 | 0.1-4 | 6.74 | 59.60 | 66.34 | OK | |
| r-release-macos-arm64 | 0.1-4 | 4.00 | 29.00 | 33.00 | OK | |
| r-release-macos-x86_64 | 0.1-4 | 12.00 | 75.00 | 87.00 | OK | |
| r-release-windows-x86_64 | 0.1-4 | 8.00 | 67.00 | 75.00 | OK | |
| r-oldrel-macos-arm64 | 0.1-4 | 3.00 | 29.00 | 32.00 | OK | |
| r-oldrel-macos-x86_64 | 0.1-4 | 5.00 | 60.00 | 65.00 | OK | |
| r-oldrel-windows-x86_64 | 0.1-4 | 11.00 | 87.00 | 98.00 | OK |
Version: 0.1-4
Check: dependencies in R code
Result: NOTE
Namespace in Imports field not imported from: ‘methods’
All declared Imports should be used.
Flavors: r-devel-linux-x86_64-fedora-clang, r-devel-linux-x86_64-fedora-gcc