Last updated on 2025-05-02 08:49:30 CEST.
Flavor | Version | Tinstall | Tcheck | Ttotal | Status | Flags |
---|---|---|---|---|---|---|
r-devel-linux-x86_64-debian-clang | 0.1-4 | 7.24 | 62.37 | 69.61 | OK | |
r-devel-linux-x86_64-debian-gcc | 0.1-4 | 5.43 | 47.80 | 53.23 | OK | |
r-devel-linux-x86_64-fedora-clang | 0.1-4 | 105.04 | NOTE | |||
r-devel-linux-x86_64-fedora-gcc | 0.1-4 | 99.60 | NOTE | |||
r-devel-windows-x86_64 | 0.1-4 | 7.00 | 84.00 | 91.00 | OK | |
r-patched-linux-x86_64 | 0.1-4 | 6.67 | 57.59 | 64.26 | OK | |
r-release-linux-x86_64 | OK | |||||
r-release-macos-arm64 | 0.1-4 | 33.00 | OK | |||
r-release-macos-x86_64 | 0.1-4 | 87.00 | OK | |||
r-release-windows-x86_64 | 0.1-4 | 7.00 | 79.00 | 86.00 | OK | |
r-oldrel-macos-arm64 | 0.1-4 | 32.00 | OK | |||
r-oldrel-macos-x86_64 | 0.1-4 | 65.00 | OK | |||
r-oldrel-windows-x86_64 | 0.1-4 | 9.00 | 83.00 | 92.00 | OK |
Version: 0.1-4
Check: dependencies in R code
Result: NOTE
Namespace in Imports field not imported from: ‘methods’
All declared Imports should be used.
Flavors: r-devel-linux-x86_64-fedora-clang, r-devel-linux-x86_64-fedora-gcc