Last updated on 2025-05-23 10:49:21 CEST.
Flavor | Version | Tinstall | Tcheck | Ttotal | Status | Flags |
---|---|---|---|---|---|---|
r-devel-linux-x86_64-debian-clang | 1.0.1.9 | 23.09 | 143.02 | 166.11 | OK | |
r-devel-linux-x86_64-debian-gcc | 1.0.1.9 | 14.68 | 107.97 | 122.65 | OK | |
r-devel-linux-x86_64-fedora-clang | 1.0.1.9 | 17.39 | ERROR | |||
r-devel-linux-x86_64-fedora-gcc | 1.0.1.9 | 270.02 | OK | |||
r-devel-windows-x86_64 | 1.0.1.9 | 23.00 | 136.00 | 159.00 | OK | |
r-patched-linux-x86_64 | 1.0.1.9 | 22.96 | 134.73 | 157.69 | OK | |
r-release-linux-x86_64 | 1.0.1.9 | 18.52 | 137.40 | 155.92 | OK | |
r-release-macos-arm64 | 1.0.1.9 | 87.00 | OK | |||
r-release-macos-x86_64 | 1.0.1.9 | 144.00 | OK | |||
r-release-windows-x86_64 | 1.0.1.9 | 24.00 | 141.00 | 165.00 | OK | |
r-oldrel-macos-arm64 | 1.0.1.9 | 69.00 | NOTE | |||
r-oldrel-macos-x86_64 | 1.0.1.9 | 108.00 | NOTE | |||
r-oldrel-windows-x86_64 | 1.0.1.9 | 32.00 | 169.00 | 201.00 | NOTE |
Version: 1.0.1.9
Check: whether package can be installed
Result: ERROR
Installation failed.
Flavor: r-devel-linux-x86_64-fedora-clang
Version: 1.0.1.9
Check: package dependencies
Result: NOTE
Package suggested but not available for checking: ‘kadmin’
Flavors: r-oldrel-macos-arm64, r-oldrel-macos-x86_64, r-oldrel-windows-x86_64