Last updated on 2025-04-30 07:55:11 CEST.
Flavor | Version | Tinstall | Tcheck | Ttotal | Status | Flags |
---|---|---|---|---|---|---|
r-devel-linux-x86_64-debian-clang | 0.5.5 | 6.84 | 70.86 | 77.70 | NOTE | |
r-devel-linux-x86_64-debian-gcc | 0.5.5 | 4.94 | 50.98 | 55.92 | NOTE | |
r-devel-linux-x86_64-fedora-clang | 0.5.5 | 121.88 | OK | |||
r-devel-linux-x86_64-fedora-gcc | 0.5.5 | 116.57 | OK | |||
r-devel-windows-x86_64 | 0.5.5 | 8.00 | 87.00 | 95.00 | OK | |
r-patched-linux-x86_64 | 0.5.5 | 7.20 | 67.96 | 75.16 | OK | |
r-release-linux-x86_64 | 0.5.5 | 6.41 | 68.05 | 74.46 | OK | |
r-release-macos-arm64 | 0.5.5 | 39.00 | OK | |||
r-release-macos-x86_64 | 0.5.5 | 83.00 | OK | |||
r-release-windows-x86_64 | 0.5.5 | 7.00 | 88.00 | 95.00 | OK | |
r-oldrel-macos-arm64 | 0.5.5 | 35.00 | OK | |||
r-oldrel-macos-x86_64 | 0.5.5 | 93.00 | OK | |||
r-oldrel-windows-x86_64 | 0.5.5 | 9.00 | 100.00 | 109.00 | OK |
Version: 0.5.5
Check: CRAN incoming feasibility
Result: NOTE
Maintainer: ‘Arthur Allignol <arthur.allignol@gmail.com>’
No Authors@R field in DESCRIPTION.
Please add one, modifying
Authors@R: person(given = "Arthur",
family = "Allignol",
role = c("aut", "cre"),
email = "arthur.allignol@gmail.com")
as necessary.
Flavors: r-devel-linux-x86_64-debian-clang, r-devel-linux-x86_64-debian-gcc