Last updated on 2024-06-29 11:49:15 CEST.
Flavor | Version | Tinstall | Tcheck | Ttotal | Status | Flags |
---|---|---|---|---|---|---|
r-devel-linux-x86_64-debian-clang | 0.5.2 | 248.93 | 252.54 | 501.47 | OK | |
r-devel-linux-x86_64-debian-gcc | 0.5.2 | 175.12 | 173.56 | 348.68 | OK | |
r-devel-linux-x86_64-fedora-clang | 0.5.2 | 710.94 | OK | |||
r-devel-linux-x86_64-fedora-gcc | 0.5.2 | 725.03 | OK | |||
r-devel-windows-x86_64 | 0.5.2 | 203.00 | 207.00 | 410.00 | OK | |
r-patched-linux-x86_64 | 0.5.2 | 223.65 | 247.18 | 470.83 | OK | |
r-release-linux-x86_64 | 0.5.2 | 162.44 | 246.35 | 408.79 | OK | |
r-release-macos-arm64 | 0.5.2 | 154.00 | NOTE | |||
r-release-macos-x86_64 | 0.5.2 | 166.00 | NOTE | |||
r-release-windows-x86_64 | 0.5.2 | 202.00 | 201.00 | 403.00 | OK | |
r-oldrel-macos-arm64 | 0.5.2 | 169.00 | NOTE | |||
r-oldrel-macos-x86_64 | 0.5.2 | 240.00 | NOTE | |||
r-oldrel-windows-x86_64 | 0.5.2 | 241.00 | 245.00 | 486.00 | OK |
Version: 0.5.2
Check: installed package size
Result: NOTE
installed size is 11.6Mb
sub-directories of 1Mb or more:
libs 11.1Mb
Flavors: r-release-macos-arm64, r-release-macos-x86_64, r-oldrel-macos-arm64, r-oldrel-macos-x86_64