Last updated on 2024-07-03 01:49:07 CEST.
Flavor | Version | Tinstall | Tcheck | Ttotal | Status | Flags |
---|---|---|---|---|---|---|
r-devel-linux-x86_64-debian-clang | 0.8.4 | 79.76 | 52.88 | 132.64 | NOTE | |
r-devel-linux-x86_64-debian-gcc | 0.8.4 | 56.39 | 40.81 | 97.20 | NOTE | |
r-devel-linux-x86_64-fedora-clang | 0.8.4 | 198.22 | NOTE | |||
r-devel-linux-x86_64-fedora-gcc | 0.8.4 | 206.05 | NOTE | |||
r-devel-windows-x86_64 | 0.8.4 | 67.00 | 87.00 | 154.00 | NOTE | |
r-patched-linux-x86_64 | 0.8.4 | 61.40 | 51.40 | 112.80 | NOTE | |
r-release-linux-x86_64 | 0.8.4 | 70.12 | 51.63 | 121.75 | NOTE | |
r-release-macos-arm64 | 0.8.4 | 48.00 | NOTE | |||
r-release-macos-x86_64 | 0.8.4 | 80.00 | NOTE | |||
r-release-windows-x86_64 | 0.8.4 | 66.00 | 87.00 | 153.00 | NOTE | |
r-oldrel-macos-arm64 | 0.8.4 | 54.00 | NOTE | |||
r-oldrel-macos-x86_64 | 0.8.4 | 81.00 | NOTE | |||
r-oldrel-windows-x86_64 | 0.8.4 | 79.00 | 99.00 | 178.00 | NOTE |
Version: 0.8.4
Check: C++ specification
Result: NOTE
Specified C++11: please drop specification unless essential
Flavors: r-devel-linux-x86_64-debian-clang, r-devel-linux-x86_64-debian-gcc, r-devel-linux-x86_64-fedora-clang, r-devel-linux-x86_64-fedora-gcc, r-devel-windows-x86_64, r-patched-linux-x86_64, r-release-linux-x86_64, r-release-macos-arm64, r-release-macos-x86_64, r-release-windows-x86_64, r-oldrel-macos-arm64, r-oldrel-macos-x86_64, r-oldrel-windows-x86_64