Last updated on 2025-10-31 20:48:42 CET.
| Flavor | Version | Tinstall | Tcheck | Ttotal | Status | Flags | 
|---|---|---|---|---|---|---|
| r-devel-linux-x86_64-debian-clang | 2.0.0 | 8.13 | 49.81 | 57.94 | OK | |
| r-devel-linux-x86_64-debian-gcc | 2.0.0 | 6.42 | 36.84 | 43.26 | OK | |
| r-devel-linux-x86_64-fedora-clang | 2.0.0 | 20.00 | 72.64 | 92.64 | OK | |
| r-devel-linux-x86_64-fedora-gcc | 2.0.0 | 19.00 | 78.96 | 97.96 | OK | |
| r-devel-windows-x86_64 | 2.0.0 | 22.00 | 73.00 | 95.00 | OK | |
| r-patched-linux-x86_64 | 2.0.0 | 13.35 | 47.41 | 60.76 | OK | |
| r-release-linux-x86_64 | 2.0.0 | 6.87 | 47.24 | 54.11 | OK | |
| r-release-macos-arm64 | 2.0.0 | 6.00 | 35.00 | 41.00 | ERROR | |
| r-release-macos-x86_64 | 2.0.0 | 7.00 | 65.00 | 72.00 | OK | |
| r-release-windows-x86_64 | 2.0.0 | 26.00 | 73.00 | 99.00 | OK | |
| r-oldrel-macos-arm64 | 2.0.0 | 10.00 | 72.00 | 82.00 | OK | |
| r-oldrel-macos-x86_64 | 2.0.0 | 13.00 | 126.00 | 139.00 | OK | |
| r-oldrel-windows-x86_64 | 2.0.0 | 21.00 | 90.00 | 111.00 | OK | 
Version: 2.0.0
Check: re-building of vignette outputs
Result: ERROR
  Error(s) in re-building vignettes:
  --- re-building ‘json-aaquickstart.Rmd’ using rmarkdown
  [WARNING] This document format requires a nonempty <title> element.
    Defaulting to 'json-aaquickstart.knit' as the title.
    To specify a title, use 'title' in metadata or --metadata title="...".
  --- finished re-building ‘json-aaquickstart.Rmd’
  
  --- re-building ‘json-apis.Rmd’ using rmarkdown
  --- finished re-building ‘json-apis.Rmd’
  
  --- re-building ‘json-paging.Rmd’ using rmarkdown
  --- finished re-building ‘json-paging.Rmd’
  
  --- re-building ‘json-mapping.pdf.asis’ using asis
  --- finished re-building ‘json-mapping.pdf.asis’
  
  Error in loadVignetteBuilder(pkgdir) : vignette builder 'R.rsp' not found
  Calls: <Anonymous> -> loadVignetteBuilder
  Execution halted
  SUMMARY: processing the following file failed:
    ‘json-opencpu.pdf.asis’
  
  Error: Vignette re-building failed.
  Execution halted
Flavor: r-release-macos-arm64