Last updated on 2025-02-21 13:50:52 CET.
Flavor | Version | Tinstall | Tcheck | Ttotal | Status | Flags |
---|---|---|---|---|---|---|
r-devel-linux-x86_64-debian-clang | 2.6.0 | 6.23 | 39.17 | 45.40 | OK | |
r-devel-linux-x86_64-debian-gcc | 2.6.0 | 4.61 | 29.10 | 33.71 | OK | |
r-devel-linux-x86_64-fedora-clang | 2.6.0 | 67.73 | OK | |||
r-devel-linux-x86_64-fedora-gcc | 2.6.0 | 66.06 | OK | |||
r-devel-macos-arm64 | 2.6.0 | 27.00 | OK | |||
r-devel-macos-x86_64 | 2.6.0 | 43.00 | OK | |||
r-devel-windows-x86_64 | 2.6.0 | 15.00 | 64.00 | 79.00 | OK | |
r-patched-linux-x86_64 | 2.6.0 | 6.00 | 39.03 | 45.03 | OK | |
r-release-linux-x86_64 | 2.6.0 | 5.86 | 37.11 | 42.97 | OK | |
r-release-macos-arm64 | 2.6.0 | 29.00 | NOTE | |||
r-release-macos-x86_64 | 2.6.0 | 38.00 | NOTE | |||
r-release-windows-x86_64 | 2.6.0 | 16.00 | 62.00 | 78.00 | OK | |
r-oldrel-macos-arm64 | 2.6.0 | 32.00 | NOTE | |||
r-oldrel-macos-x86_64 | 2.6.0 | 57.00 | NOTE | |||
r-oldrel-windows-x86_64 | 2.6.0 | 18.00 | 91.00 | 109.00 | OK |
Version: 2.6.0
Check: installed package size
Result: NOTE
installed size is 6.7Mb
sub-directories of 1Mb or more:
examples 2.8Mb
htmlwidgets 1.1Mb
www 2.7Mb
Flavors: r-release-macos-arm64, r-release-macos-x86_64, r-oldrel-macos-arm64, r-oldrel-macos-x86_64