CRAN Package Check Results for Package jrich

Last updated on 2025-05-01 01:49:35 CEST.

Flavor Version Tinstall Tcheck Ttotal Status Flags
r-devel-linux-x86_64-debian-clang 0.60-35 2.36 37.14 39.50 NOTE
r-devel-linux-x86_64-debian-gcc 0.60-35 2.30 27.52 29.82 NOTE
r-devel-linux-x86_64-fedora-clang 0.60-35 63.79 OK
r-devel-linux-x86_64-fedora-gcc 0.60-35 58.73 OK
r-devel-windows-x86_64 0.60-35 4.00 61.00 65.00 OK
r-patched-linux-x86_64 0.60-35 3.07 35.17 38.24 OK
r-release-linux-x86_64 0.60-35 2.61 35.29 37.90 OK
r-release-macos-arm64 0.60-35 25.00 OK
r-release-macos-x86_64 0.60-35 44.00 OK
r-release-windows-x86_64 0.60-35 5.00 69.00 74.00 OK
r-oldrel-macos-arm64 0.60-35 23.00 OK
r-oldrel-macos-x86_64 0.60-35 32.00 OK
r-oldrel-windows-x86_64 0.60-35 5.00 63.00 68.00 OK

Check Details

Version: 0.60-35
Check: CRAN incoming feasibility
Result: NOTE Maintainer: ‘Daniel R. Miranda-Esquivel <dmiranda@uis.edu.co>’ No Authors@R field in DESCRIPTION. Please add one, modifying Authors@R: person(given = c("Daniel", "R."), family = "Miranda-Esquivel", role = c("aut", "cre"), email = "dmiranda@uis.edu.co") as necessary. Package CITATION file contains call(s) to old-style personList() or as.personList(). Please use c() on person objects instead. Package CITATION file contains call(s) to old-style citEntry(). Please use bibentry() instead. Flavors: r-devel-linux-x86_64-debian-clang, r-devel-linux-x86_64-debian-gcc

Version: 0.60-35
Check: examples
Result: NOTE Examples with CPU (user + system) or elapsed time > 5s user system elapsed Multi.Jack 6.196 0.015 7.571 Flavor: r-devel-linux-x86_64-debian-clang