CRAN Package Check Results for Package jqbr

Last updated on 2025-02-21 13:50:52 CET.

Flavor Version Tinstall Tcheck Ttotal Status Flags
r-devel-linux-x86_64-debian-clang 1.0.3 3.74 32.91 36.65 NOTE
r-devel-linux-x86_64-debian-gcc 1.0.3 2.78 25.09 27.87 NOTE
r-devel-linux-x86_64-fedora-clang 1.0.3 56.00 OK
r-devel-linux-x86_64-fedora-gcc 1.0.3 54.73 OK
r-devel-macos-arm64 1.0.3 24.00 OK
r-devel-macos-x86_64 1.0.3 36.00 OK
r-devel-windows-x86_64 1.0.3 6.00 59.00 65.00 NOTE
r-patched-linux-x86_64 1.0.3 6.94 32.94 39.88 OK
r-release-linux-x86_64 1.0.3 2.97 31.42 34.39 OK
r-release-macos-arm64 1.0.3 20.00 OK
r-release-macos-x86_64 1.0.3 31.00 OK
r-release-windows-x86_64 1.0.3 5.00 58.00 63.00 OK
r-oldrel-macos-arm64 1.0.3 25.00 OK
r-oldrel-macos-x86_64 1.0.3 31.00 OK
r-oldrel-windows-x86_64 1.0.3 6.00 82.00 88.00 OK

Check Details

Version: 1.0.3
Check: Rd cross-references
Result: NOTE Found the following Rd file(s) with Rd \link{} targets missing package anchors: queryBuilderInput.Rd: shiny Please provide package anchors for all Rd \link{} targets not in the package itself and the base packages. Flavors: r-devel-linux-x86_64-debian-clang, r-devel-linux-x86_64-debian-gcc, r-devel-windows-x86_64