CRAN Package Check Results for Package jointDiag

Last updated on 2025-07-04 13:49:47 CEST.

Flavor Version Tinstall Tcheck Ttotal Status Flags
r-devel-linux-x86_64-debian-clang 0.4 3.12 20.01 23.13 NOTE
r-devel-linux-x86_64-debian-gcc 0.4 2.72 16.37 19.09 NOTE
r-devel-linux-x86_64-fedora-clang 0.4 36.36 OK
r-devel-linux-x86_64-fedora-gcc 0.4 33.25 OK
r-devel-windows-x86_64 0.4 6.00 41.00 47.00 OK
r-patched-linux-x86_64 0.4 3.36 18.61 21.97 OK
r-release-linux-x86_64 0.4 3.27 18.83 22.10 OK
r-release-macos-arm64 0.4 16.00 OK
r-release-macos-x86_64 0.4 26.00 OK
r-release-windows-x86_64 0.4 7.00 45.00 52.00 OK
r-oldrel-macos-arm64 0.4 15.00 OK
r-oldrel-macos-x86_64 0.4 22.00 OK
r-oldrel-windows-x86_64 0.4 7.00 41.00 48.00 OK

Check Details

Version: 0.4
Check: CRAN incoming feasibility
Result: NOTE Maintainer: ‘Cedric Gouy-Pailler <cedric.gouypailler@gmail.com>’ No Authors@R field in DESCRIPTION. Please add one, modifying Authors@R: person(given = "Cedric", family = "Gouy-Pailler", role = c("aut", "cre"), email = "cedric.gouypailler@gmail.com") as necessary. Flavors: r-devel-linux-x86_64-debian-clang, r-devel-linux-x86_64-debian-gcc