Last updated on 2024-06-29 11:49:15 CEST.
Flavor | Version | Tinstall | Tcheck | Ttotal | Status | Flags |
---|---|---|---|---|---|---|
r-devel-linux-x86_64-debian-clang | 0.4.6 | 111.44 | 364.60 | 476.04 | NOTE | --no-tests |
r-devel-linux-x86_64-debian-gcc | 0.4.6 | 89.79 | 1043.17 | 1132.96 | NOTE | --no-tests |
r-devel-linux-x86_64-fedora-clang | 0.4.6 | 1032.84 | NOTE | |||
r-devel-linux-x86_64-fedora-gcc | 0.4.6 | 1026.83 | NOTE | |||
r-devel-windows-x86_64 | 0.4.6 | 96.00 | 409.00 | 505.00 | NOTE | |
r-patched-linux-x86_64 | 0.4.6 | 99.13 | 746.28 | 845.41 | NOTE | --no-tests |
r-release-linux-x86_64 | 0.4.6 | 105.68 | 779.69 | 885.37 | NOTE | --no-tests |
r-release-macos-arm64 | 0.4.6 | 225.00 | NOTE | |||
r-release-macos-x86_64 | 0.4.6 | 345.00 | NOTE | |||
r-release-windows-x86_64 | 0.4.6 | 92.00 | 407.00 | 499.00 | NOTE | |
r-oldrel-macos-arm64 | 0.4.6 | 255.00 | NOTE | |||
r-oldrel-macos-x86_64 | 0.4.6 | 405.00 | NOTE | |||
r-oldrel-windows-x86_64 | 0.4.6 | 118.00 | 517.00 | 635.00 | NOTE |
Version: 0.4.6
Flags: --no-tests
Check: C++ specification
Result: NOTE
Specified C++11: please drop specification unless essential
Flavors: r-devel-linux-x86_64-debian-clang, r-devel-linux-x86_64-debian-gcc, r-patched-linux-x86_64, r-release-linux-x86_64
Version: 0.4.6
Check: C++ specification
Result: NOTE
Specified C++11: please drop specification unless essential
Flavors: r-devel-linux-x86_64-fedora-clang, r-devel-linux-x86_64-fedora-gcc, r-devel-windows-x86_64, r-release-macos-arm64, r-release-macos-x86_64, r-release-windows-x86_64, r-oldrel-macos-arm64, r-oldrel-macos-x86_64, r-oldrel-windows-x86_64
Version: 0.4.6
Check: installed package size
Result: NOTE
installed size is 6.4Mb
sub-directories of 1Mb or more:
data 1.3Mb
libs 3.8Mb
Flavors: r-release-macos-arm64, r-release-macos-x86_64, r-oldrel-macos-arm64, r-oldrel-macos-x86_64