Last updated on 2024-07-03 01:49:07 CEST.
Flavor | Version | Tinstall | Tcheck | Ttotal | Status | Flags |
---|---|---|---|---|---|---|
r-devel-linux-x86_64-debian-clang | 1.1.5 | 339.11 | 63.39 | 402.50 | NOTE | |
r-devel-linux-x86_64-debian-gcc | 1.1.5 | 227.81 | 47.03 | 274.84 | NOTE | |
r-devel-linux-x86_64-fedora-clang | 1.1.5 | 589.76 | NOTE | |||
r-devel-linux-x86_64-fedora-gcc | 1.1.5 | 628.75 | NOTE | |||
r-devel-windows-x86_64 | 1.1.5 | 287.00 | 165.00 | 452.00 | NOTE | |
r-patched-linux-x86_64 | 1.1.5 | 278.31 | 60.54 | 338.85 | NOTE | |
r-release-linux-x86_64 | 1.1.5 | 279.11 | 60.44 | 339.55 | NOTE | |
r-release-macos-arm64 | 1.1.5 | 109.00 | NOTE | |||
r-release-macos-x86_64 | 1.1.5 | 103.00 | NOTE | |||
r-release-windows-x86_64 | 1.1.5 | 286.00 | 170.00 | 456.00 | NOTE | |
r-oldrel-macos-arm64 | 1.1.5 | 116.00 | NOTE | |||
r-oldrel-macos-x86_64 | 1.1.5 | 150.00 | NOTE | |||
r-oldrel-windows-x86_64 | 1.1.5 | 340.00 | 193.00 | 533.00 | NOTE |
Version: 1.1.5
Check: for GNU extensions in Makefiles
Result: NOTE
GNU make is a SystemRequirements.
Flavors: r-devel-linux-x86_64-debian-clang, r-devel-linux-x86_64-debian-gcc, r-devel-linux-x86_64-fedora-clang, r-devel-linux-x86_64-fedora-gcc, r-devel-windows-x86_64, r-patched-linux-x86_64, r-release-linux-x86_64, r-release-macos-arm64, r-release-macos-x86_64, r-release-windows-x86_64, r-oldrel-macos-arm64, r-oldrel-macos-x86_64, r-oldrel-windows-x86_64
Version: 1.1.5
Check: installed package size
Result: NOTE
installed size is 14.0Mb
sub-directories of 1Mb or more:
art_profiles 1.5Mb
libs 11.7Mb
Flavors: r-devel-windows-x86_64, r-release-macos-arm64, r-release-macos-x86_64, r-release-windows-x86_64, r-oldrel-macos-arm64, r-oldrel-macos-x86_64, r-oldrel-windows-x86_64