Last updated on 2025-04-29 13:51:27 CEST.
Flavor | Version | Tinstall | Tcheck | Ttotal | Status | Flags |
---|---|---|---|---|---|---|
r-devel-linux-x86_64-debian-clang | 1.1.0 | 28.51 | 45.34 | 73.85 | NOTE | |
r-devel-linux-x86_64-debian-gcc | 1.1.0 | 22.79 | 34.98 | 57.77 | NOTE | |
r-devel-linux-x86_64-fedora-clang | 1.1.0 | 123.37 | NOTE | |||
r-devel-linux-x86_64-fedora-gcc | 1.1.0 | 125.68 | NOTE | |||
r-devel-windows-x86_64 | 1.1.0 | 34.00 | 83.00 | 117.00 | NOTE | |
r-patched-linux-x86_64 | 1.1.0 | 30.32 | 42.29 | 72.61 | NOTE | |
r-release-linux-x86_64 | 1.1.0 | 29.98 | 42.68 | 72.66 | NOTE | |
r-release-macos-arm64 | 1.1.0 | 37.00 | NOTE | |||
r-release-macos-x86_64 | 1.1.0 | 62.00 | NOTE | |||
r-release-windows-x86_64 | 1.1.0 | 36.00 | 81.00 | 117.00 | NOTE | |
r-oldrel-macos-arm64 | 1.1.0 | 37.00 | NOTE | |||
r-oldrel-macos-x86_64 | 1.1.0 | 47.00 | NOTE | |||
r-oldrel-windows-x86_64 | 1.1.0 | 41.00 | 99.00 | 140.00 | NOTE |
Version: 1.1.0
Check: CRAN incoming feasibility
Result: NOTE
Maintainer: ‘Kostas Vasilopoulos <k.vasilopoulo@gmail.com>’
Package CITATION file contains call(s) to old-style personList() or
as.personList(). Please use c() on person objects instead.
Package CITATION file contains call(s) to old-style citEntry(). Please
use bibentry() instead.
Found the following URLs which should use \doi (with the DOI name only):
File ‘ivx-package.Rd’:
https://doi.org/10.1017/S0266466608090154
https://doi.org/10.1093/rfs/hhu139
Flavors: r-devel-linux-x86_64-debian-clang, r-devel-linux-x86_64-debian-gcc
Version: 1.1.0
Check: C++ specification
Result: NOTE
Specified C++11: please drop specification unless essential
Flavors: r-devel-linux-x86_64-debian-clang, r-devel-linux-x86_64-debian-gcc, r-devel-linux-x86_64-fedora-clang, r-devel-linux-x86_64-fedora-gcc, r-devel-windows-x86_64, r-patched-linux-x86_64, r-release-linux-x86_64, r-release-macos-arm64, r-release-macos-x86_64, r-release-windows-x86_64, r-oldrel-macos-arm64, r-oldrel-macos-x86_64, r-oldrel-windows-x86_64