Last updated on 2025-11-20 08:48:38 CET.
| Flavor | Version | Tinstall | Tcheck | Ttotal | Status | Flags |
|---|---|---|---|---|---|---|
| r-devel-linux-x86_64-debian-clang | 0.1-3 | 2.50 | 24.99 | 27.49 | NOTE | |
| r-devel-linux-x86_64-debian-gcc | 0.1-3 | 2.02 | 19.80 | 21.82 | NOTE | |
| r-devel-linux-x86_64-fedora-clang | 0.1-3 | 39.00 | OK | |||
| r-devel-linux-x86_64-fedora-gcc | 0.1-3 | 37.10 | OK | |||
| r-devel-windows-x86_64 | 0.1-3 | 8.00 | 45.00 | 53.00 | OK | |
| r-patched-linux-x86_64 | 0.1-3 | 2.82 | 23.37 | 26.19 | OK | |
| r-release-linux-x86_64 | 0.1-3 | 2.47 | 23.15 | 25.62 | OK | |
| r-release-macos-arm64 | 0.1-3 | OK | ||||
| r-release-macos-x86_64 | 0.1-3 | 2.00 | 26.00 | 28.00 | OK | |
| r-release-windows-x86_64 | 0.1-3 | 3.00 | 46.00 | 49.00 | OK | |
| r-oldrel-macos-arm64 | 0.1-3 | OK | ||||
| r-oldrel-macos-x86_64 | 0.1-3 | 2.00 | 22.00 | 24.00 | OK | |
| r-oldrel-windows-x86_64 | 0.1-3 | 7.00 | 52.00 | 59.00 | OK |
Version: 0.1-3
Check: CRAN incoming feasibility
Result: NOTE
Maintainer: ‘Steve Weston <stephen.b.weston@gmail.com>’
No Authors@R field in DESCRIPTION.
Please add one, modifying
Authors@R: c(person(given = "Steve",
family = "Weston",
role = c("aut", "cre"),
email = "stephen.b.weston@gmail.com"),
person(given = "Hadley",
family = "Wickham",
role = "aut"))
as necessary.
Flavors: r-devel-linux-x86_64-debian-clang, r-devel-linux-x86_64-debian-gcc