Last updated on 2024-07-02 01:57:12 CEST.
Flavor | Version | Tinstall | Tcheck | Ttotal | Status | Flags |
---|---|---|---|---|---|---|
r-devel-linux-x86_64-debian-clang | 2.0-7.1 | 11.34 | 68.46 | 79.80 | NOTE | |
r-devel-linux-x86_64-debian-gcc | 2.0-7.1 | 9.77 | 50.92 | 60.69 | NOTE | |
r-devel-linux-x86_64-fedora-clang | 2.0-7.1 | 101.16 | NOTE | |||
r-devel-linux-x86_64-fedora-gcc | 2.0-7.1 | 111.15 | NOTE | |||
r-devel-windows-x86_64 | 2.0-7.1 | 14.00 | 92.00 | 106.00 | NOTE | |
r-patched-linux-x86_64 | 2.0-7.1 | 16.04 | 68.67 | 84.71 | NOTE | |
r-release-linux-x86_64 | 2.0-7.1 | 11.13 | 64.82 | 75.95 | NOTE | |
r-release-macos-arm64 | 2.0-7.1 | 40.00 | NOTE | |||
r-release-macos-x86_64 | 2.0-7.1 | 60.00 | NOTE | |||
r-release-windows-x86_64 | 2.0-7.1 | 14.00 | 94.00 | 108.00 | NOTE | |
r-oldrel-macos-arm64 | 2.0-7.1 | 37.00 | OK | |||
r-oldrel-macos-x86_64 | 2.0-7.1 | 71.00 | OK | |||
r-oldrel-windows-x86_64 | 2.0-7.1 | 17.00 | 95.00 | 112.00 | OK |
Version: 2.0-7.1
Check: Rd files
Result: NOTE
checkRd: (-1) CLM.Rd:30: Lost braces
30 | item{tau0}{the mean circular Kendall Tau of the initial order with the data.}
| ^
checkRd: (-1) CLM.Rd:30: Lost braces
30 | item{tau0}{the mean circular Kendall Tau of the initial order with the data.}
| ^
Flavors: r-devel-linux-x86_64-debian-clang, r-devel-linux-x86_64-debian-gcc, r-devel-linux-x86_64-fedora-clang, r-devel-linux-x86_64-fedora-gcc, r-devel-windows-x86_64, r-patched-linux-x86_64, r-release-linux-x86_64, r-release-macos-arm64, r-release-macos-x86_64, r-release-windows-x86_64