Last updated on 2025-05-06 09:50:53 CEST.
Flavor | Version | Tinstall | Tcheck | Ttotal | Status | Flags |
---|---|---|---|---|---|---|
r-devel-linux-x86_64-debian-clang | 1.42 | 6.72 | 70.10 | 76.82 | NOTE | |
r-devel-linux-x86_64-debian-gcc | 1.42 | 4.57 | 52.36 | 56.93 | NOTE | |
r-devel-linux-x86_64-fedora-clang | 1.42 | 121.85 | OK | |||
r-devel-linux-x86_64-fedora-gcc | 1.42 | 121.92 | OK | |||
r-devel-windows-x86_64 | 1.42 | 9.00 | 88.00 | 97.00 | OK | |
r-patched-linux-x86_64 | 1.42 | 9.53 | 66.52 | 76.05 | OK | |
r-release-linux-x86_64 | 1.42 | 8.32 | 66.99 | 75.31 | OK | |
r-release-macos-arm64 | 1.42 | 41.00 | OK | |||
r-release-macos-x86_64 | 1.42 | 71.00 | OK | |||
r-release-windows-x86_64 | 1.42 | 9.00 | 90.00 | 99.00 | OK | |
r-oldrel-macos-arm64 | 1.42 | 39.00 | OK | |||
r-oldrel-macos-x86_64 | 1.42 | 56.00 | OK | |||
r-oldrel-windows-x86_64 | 1.42 | 13.00 | 103.00 | 116.00 | OK |
Version: 1.42
Check: CRAN incoming feasibility
Result: NOTE
Maintainer: ‘Eric Gilleland <ericg@ucar.edu>’
No Authors@R field in DESCRIPTION.
Please add one, modifying
Authors@R: c(person(given = c("Original", "S", "functions", "written", "by", "Janet", "E.", "Heffernan", "with", "R"),
family = "port",
role = "aut"),
person(given = c("R", "documentation", "provided", "by", "Alec", "G."),
family = "Stephenson.",
role = "aut"),
person(given = "Eric",
family = "Gilleland",
role = "cre",
email = "ericg@ucar.edu"))
as necessary.
Flavors: r-devel-linux-x86_64-debian-clang, r-devel-linux-x86_64-debian-gcc