Last updated on 2025-05-05 15:50:09 CEST.
Flavor | Version | Tinstall | Tcheck | Ttotal | Status | Flags |
---|---|---|---|---|---|---|
r-devel-linux-x86_64-debian-clang | 1.0 | 7.07 | 53.58 | 60.65 | NOTE | |
r-devel-linux-x86_64-debian-gcc | 1.0 | 5.08 | 39.50 | 44.58 | NOTE | |
r-devel-linux-x86_64-fedora-clang | 1.0 | 94.51 | OK | |||
r-devel-linux-x86_64-fedora-gcc | 1.0 | 93.90 | OK | |||
r-devel-windows-x86_64 | 1.0 | 7.00 | 64.00 | 71.00 | OK | |
r-patched-linux-x86_64 | 1.0 | 6.96 | 51.69 | 58.65 | OK | |
r-release-linux-x86_64 | 1.0 | 6.12 | 51.75 | 57.87 | OK | |
r-release-macos-arm64 | 1.0 | 32.00 | OK | |||
r-release-macos-x86_64 | 1.0 | 52.00 | OK | |||
r-release-windows-x86_64 | 1.0 | 8.00 | 67.00 | 75.00 | OK | |
r-oldrel-macos-arm64 | 1.0 | 29.00 | OK | |||
r-oldrel-macos-x86_64 | 1.0 | 43.00 | OK | |||
r-oldrel-windows-x86_64 | 1.0 | 11.00 | 77.00 | 88.00 | OK |
Version: 1.0
Check: CRAN incoming feasibility
Result: NOTE
Maintainer: ‘Di Shu <shudi1991@gmail.com>’
No Authors@R field in DESCRIPTION.
Please add one, modifying
Authors@R: c(person(given = "Di",
family = "Shu",
role = c("aut", "cre"),
email = "shudi1991@gmail.com"),
person(given = "Rui",
family = "Wang",
role = "aut",
email = "rwang@hsph.harvard.edu"))
as necessary.
Flavors: r-devel-linux-x86_64-debian-clang, r-devel-linux-x86_64-debian-gcc