Last updated on 2024-06-29 11:49:15 CEST.
Flavor | Version | Tinstall | Tcheck | Ttotal | Status | Flags |
---|---|---|---|---|---|---|
r-devel-linux-x86_64-debian-clang | 1.0.0 | 5.79 | 199.21 | 205.00 | OK | |
r-devel-linux-x86_64-debian-gcc | 1.0.0 | 4.77 | 151.32 | 156.09 | OK | |
r-devel-linux-x86_64-fedora-clang | 1.0.0 | 283.07 | NOTE | |||
r-devel-linux-x86_64-fedora-gcc | 1.0.0 | 275.18 | OK | |||
r-devel-windows-x86_64 | 1.0.0 | 7.00 | 124.00 | 131.00 | NOTE | |
r-patched-linux-x86_64 | 1.0.0 | 6.79 | 195.55 | 202.34 | OK | |
r-release-linux-x86_64 | 1.0.0 | 7.18 | 188.15 | 195.33 | OK | |
r-release-macos-arm64 | 1.0.0 | 61.00 | NOTE | |||
r-release-macos-x86_64 | 1.0.0 | 96.00 | NOTE | |||
r-release-windows-x86_64 | 1.0.0 | 8.00 | 123.00 | 131.00 | NOTE | |
r-oldrel-macos-arm64 | 1.0.0 | 62.00 | NOTE | |||
r-oldrel-macos-x86_64 | 1.0.0 | 109.00 | NOTE | |||
r-oldrel-windows-x86_64 | 1.0.0 | 8.00 | 144.00 | 152.00 | NOTE |
Version: 1.0.0
Check: installed package size
Result: NOTE
installed size is 5.7Mb
sub-directories of 1Mb or more:
doc 5.2Mb
Flavors: r-devel-linux-x86_64-fedora-clang, r-devel-windows-x86_64, r-release-macos-arm64, r-release-macos-x86_64, r-release-windows-x86_64, r-oldrel-macos-arm64, r-oldrel-macos-x86_64, r-oldrel-windows-x86_64