CRAN Package Check Results for Package ipc

Last updated on 2025-11-14 18:48:37 CET.

Flavor Version Tinstall Tcheck Ttotal Status Flags
r-devel-linux-x86_64-debian-clang 0.1.4 8.18 30.82 39.00 NOTE
r-devel-linux-x86_64-debian-gcc 0.1.4 5.95 24.13 30.08 NOTE
r-devel-linux-x86_64-fedora-clang 0.1.4 39.00 25.19 64.19 OK
r-devel-linux-x86_64-fedora-gcc 0.1.4 18.00 50.36 68.36 OK
r-devel-windows-x86_64 0.1.4 11.00 54.00 65.00 OK
r-patched-linux-x86_64 0.1.4 9.84 29.56 39.40 OK
r-release-linux-x86_64 0.1.4 7.83 29.68 37.51 OK
r-release-macos-arm64 0.1.4 5.00 39.00 44.00 OK
r-release-macos-x86_64 0.1.4 8.00 52.00 60.00 OK
r-release-windows-x86_64 0.1.4 10.00 53.00 63.00 OK
r-oldrel-macos-arm64 0.1.4 3.00 25.00 28.00 OK
r-oldrel-macos-x86_64 0.1.4 6.00 39.00 45.00 OK
r-oldrel-windows-x86_64 0.1.4 13.00 62.00 75.00 OK

Check Details

Version: 0.1.4
Check: CRAN incoming feasibility
Result: NOTE Maintainer: ‘Ian E. Fellows <ian@fellstat.com>’ No Authors@R field in DESCRIPTION. Please add one, modifying Authors@R: person(given = c("Ian", "E."), family = "Fellows", role = c("aut", "cre"), email = "ian@fellstat.com") as necessary. Flavors: r-devel-linux-x86_64-debian-clang, r-devel-linux-x86_64-debian-gcc