CRAN Package Check Results for Package intradayModel

Last updated on 2025-05-18 14:49:16 CEST.

Flavor Version Tinstall Tcheck Ttotal Status Flags
r-devel-linux-x86_64-debian-clang 0.0.1 5.93 227.91 233.84 NOTE
r-devel-linux-x86_64-debian-gcc 0.0.1 4.57 138.44 143.01 NOTE
r-devel-linux-x86_64-fedora-clang 0.0.1 371.16 NOTE
r-devel-linux-x86_64-fedora-gcc 0.0.1 372.68 NOTE
r-devel-windows-x86_64 0.0.1 9.00 191.00 200.00 NOTE
r-patched-linux-x86_64 0.0.1 6.19 214.63 220.82 NOTE
r-release-linux-x86_64 0.0.1 5.71 214.98 220.69 NOTE
r-release-macos-arm64 0.0.1 99.00 NOTE
r-release-macos-x86_64 0.0.1 175.00 NOTE
r-release-windows-x86_64 0.0.1 10.00 197.00 207.00 NOTE
r-oldrel-macos-arm64 0.0.1 78.00 NOTE
r-oldrel-macos-x86_64 0.0.1 130.00 NOTE
r-oldrel-windows-x86_64 0.0.1 11.00 261.00 272.00 NOTE

Check Details

Version: 0.0.1
Check: Rd files
Result: NOTE checkRd: (-1) decompose_volume.Rd:21: Lost braces in \itemize; \value handles \item{}{} directly checkRd: (-1) decompose_volume.Rd:22: Lost braces in \itemize; \value handles \item{}{} directly checkRd: (-1) decompose_volume.Rd:23: Lost braces in \itemize; \value handles \item{}{} directly checkRd: (-1) decompose_volume.Rd:24: Lost braces in \itemize; \value handles \item{}{} directly checkRd: (-1) fit_volume.Rd:44: Lost braces in \itemize; \value handles \item{}{} directly checkRd: (-1) fit_volume.Rd:45: Lost braces in \itemize; \value handles \item{}{} directly checkRd: (-1) fit_volume.Rd:46: Lost braces in \itemize; \value handles \item{}{} directly checkRd: (-1) fit_volume.Rd:47: Lost braces in \itemize; \value handles \item{}{} directly checkRd: (-1) forecast_volume.Rd:19: Lost braces in \itemize; \value handles \item{}{} directly checkRd: (-1) forecast_volume.Rd:20: Lost braces in \itemize; \value handles \item{}{} directly checkRd: (-1) forecast_volume.Rd:21: Lost braces in \itemize; \value handles \item{}{} directly checkRd: (-1) forecast_volume.Rd:22: Lost braces in \itemize; \value handles \item{}{} directly checkRd: (-1) generate_plots.Rd:15: Lost braces in \itemize; \value handles \item{}{} directly checkRd: (-1) generate_plots.Rd:16: Lost braces in \itemize; \value handles \item{}{} directly checkRd: (-1) generate_plots.Rd:17: Lost braces in \itemize; \value handles \item{}{} directly Flavors: r-devel-linux-x86_64-debian-clang, r-devel-linux-x86_64-debian-gcc, r-devel-linux-x86_64-fedora-clang, r-devel-linux-x86_64-fedora-gcc, r-devel-windows-x86_64, r-patched-linux-x86_64, r-release-linux-x86_64, r-release-macos-arm64, r-release-macos-x86_64, r-release-windows-x86_64, r-oldrel-macos-arm64, r-oldrel-macos-x86_64, r-oldrel-windows-x86_64