Last updated on 2024-06-29 11:49:14 CEST.
Flavor | Version | Tinstall | Tcheck | Ttotal | Status | Flags |
---|---|---|---|---|---|---|
r-devel-linux-x86_64-debian-clang | 0.6.2 | 4.59 | 40.33 | 44.92 | NOTE | |
r-devel-linux-x86_64-debian-gcc | 0.6.2 | 3.81 | 30.26 | 34.07 | NOTE | |
r-devel-linux-x86_64-fedora-clang | 0.6.2 | 58.71 | NOTE | |||
r-devel-linux-x86_64-fedora-gcc | 0.6.2 | 53.63 | NOTE | |||
r-devel-windows-x86_64 | 0.6.2 | 4.00 | 55.00 | 59.00 | NOTE | |
r-patched-linux-x86_64 | 0.6.2 | 4.83 | 38.96 | 43.79 | NOTE | |
r-release-linux-x86_64 | 0.6.2 | 3.67 | 39.26 | 42.93 | NOTE | |
r-release-macos-arm64 | 0.6.2 | 19.00 | NOTE | |||
r-release-macos-x86_64 | 0.6.2 | 28.00 | NOTE | |||
r-release-windows-x86_64 | 0.6.2 | 5.00 | 61.00 | 66.00 | NOTE | |
r-oldrel-macos-arm64 | 0.6.2 | 21.00 | NOTE | |||
r-oldrel-macos-x86_64 | 0.6.2 | 32.00 | NOTE | |||
r-oldrel-windows-x86_64 | 0.6.2 | 5.00 | 57.00 | 62.00 | NOTE |
Version: 0.6.2
Check: package subdirectories
Result: NOTE
Problems with news in ‘NEWS.md’:
No news entries found.
Flavors: r-devel-linux-x86_64-debian-clang, r-devel-linux-x86_64-debian-gcc, r-devel-linux-x86_64-fedora-clang, r-devel-linux-x86_64-fedora-gcc, r-devel-windows-x86_64, r-patched-linux-x86_64, r-release-linux-x86_64, r-release-macos-arm64, r-release-macos-x86_64, r-release-windows-x86_64, r-oldrel-macos-arm64, r-oldrel-macos-x86_64, r-oldrel-windows-x86_64