Last updated on 2025-05-02 14:50:28 CEST.
Flavor | Version | Tinstall | Tcheck | Ttotal | Status | Flags |
---|---|---|---|---|---|---|
r-devel-linux-x86_64-debian-clang | 0.1.0 | 4.16 | 33.49 | 37.65 | NOTE | |
r-devel-linux-x86_64-debian-gcc | 0.1.0 | 2.95 | 25.57 | 28.52 | NOTE | |
r-devel-linux-x86_64-fedora-clang | 0.1.0 | 59.38 | OK | |||
r-devel-linux-x86_64-fedora-gcc | 0.1.0 | 55.23 | OK | |||
r-devel-windows-x86_64 | 0.1.0 | 5.00 | 57.00 | 62.00 | OK | |
r-patched-linux-x86_64 | 0.1.0 | 3.25 | 31.80 | 35.05 | OK | |
r-release-linux-x86_64 | OK | |||||
r-release-macos-arm64 | 0.1.0 | 24.00 | OK | |||
r-release-macos-x86_64 | 0.1.0 | 36.00 | OK | |||
r-release-windows-x86_64 | 0.1.0 | 6.00 | 65.00 | 71.00 | OK | |
r-oldrel-macos-arm64 | 0.1.0 | 21.00 | OK | |||
r-oldrel-macos-x86_64 | 0.1.0 | 30.00 | OK | |||
r-oldrel-windows-x86_64 | 0.1.0 | 7.00 | 63.00 | 70.00 | OK |
Version: 0.1.0
Check: CRAN incoming feasibility
Result: NOTE
Maintainer: ‘Yuan Li <851277048@qq.com>’
No Authors@R field in DESCRIPTION.
Please add one, modifying
Authors@R: c(person(given = c("Daxuan", "Deng", "Yuan"),
family = "Li",
role = "aut"),
person(given = "Yuan",
family = "Li",
role = "cre",
email = "851277048@qq.com"))
as necessary.
Found the following (possibly) invalid file URIs:
URI: omdbAPI documentation
From: man/find_by_title.Rd
URI: omdbAPI documentation
From: man/search_by_title.Rd
Flavors: r-devel-linux-x86_64-debian-clang, r-devel-linux-x86_64-debian-gcc