CRAN Package Check Results for Package imager

Last updated on 2025-04-29 13:51:27 CEST.

Flavor Version Tinstall Tcheck Ttotal Status Flags
r-devel-linux-x86_64-debian-clang 1.0.3 472.97 168.95 641.92 OK
r-devel-linux-x86_64-debian-gcc 1.0.3 446.85 122.58 569.43 OK
r-devel-linux-x86_64-fedora-clang 1.0.3 1025.55 OK
r-devel-linux-x86_64-fedora-gcc 1.0.3 1509.98 OK
r-devel-windows-x86_64 1.0.3 606.00 270.00 876.00 OK
r-patched-linux-x86_64 1.0.3 648.34 166.73 815.07 OK
r-release-linux-x86_64 1.0.3 644.90 166.30 811.20 OK
r-release-macos-arm64 1.0.3 221.00 OK
r-release-macos-x86_64 1.0.3 423.00 OK
r-release-windows-x86_64 1.0.3 611.00 273.00 884.00 OK
r-oldrel-macos-arm64 1.0.3 185.00 NOTE
r-oldrel-macos-x86_64 1.0.3 313.00 NOTE
r-oldrel-windows-x86_64 1.0.3 691.00 328.00 1019.00 NOTE

Check Details

Version: 1.0.3
Check: installed package size
Result: NOTE installed size is 34.1Mb sub-directories of 1Mb or more: data 1.4Mb doc 3.7Mb extdata 1.0Mb include 3.3Mb libs 24.0Mb Flavors: r-oldrel-macos-arm64, r-oldrel-macos-x86_64, r-oldrel-windows-x86_64