Last updated on 2025-05-05 15:50:09 CEST.
Flavor | Version | Tinstall | Tcheck | Ttotal | Status | Flags |
---|---|---|---|---|---|---|
r-devel-linux-x86_64-debian-clang | 0.1 | 27.34 | 34.23 | 61.57 | NOTE | |
r-devel-linux-x86_64-debian-gcc | 0.1 | 16.28 | 28.92 | 45.20 | NOTE | |
r-devel-linux-x86_64-fedora-clang | 0.1 | 111.74 | NOTE | |||
r-devel-linux-x86_64-fedora-gcc | 0.1 | 99.57 | NOTE | |||
r-devel-windows-x86_64 | 0.1 | 29.00 | 71.00 | 100.00 | NOTE | |
r-patched-linux-x86_64 | 0.1 | 25.01 | 32.91 | 57.92 | NOTE | |
r-release-linux-x86_64 | 0.1 | 22.65 | 33.02 | 55.67 | NOTE | |
r-release-macos-arm64 | 0.1 | 28.00 | NOTE | |||
r-release-macos-x86_64 | 0.1 | 51.00 | NOTE | |||
r-release-windows-x86_64 | 0.1 | 31.00 | 72.00 | 103.00 | NOTE | |
r-oldrel-macos-arm64 | 0.1 | 29.00 | NOTE | |||
r-oldrel-macos-x86_64 | 0.1 | 40.00 | NOTE | |||
r-oldrel-windows-x86_64 | 0.1 | 27.00 | 84.00 | 111.00 | NOTE |
Version: 0.1
Check: C++ specification
Result: NOTE
Specified C++11: please drop specification unless essential
Flavors: r-devel-linux-x86_64-debian-clang, r-devel-linux-x86_64-debian-gcc, r-devel-linux-x86_64-fedora-clang, r-devel-linux-x86_64-fedora-gcc, r-devel-windows-x86_64, r-patched-linux-x86_64, r-release-linux-x86_64, r-release-macos-arm64, r-release-macos-x86_64, r-release-windows-x86_64, r-oldrel-macos-arm64, r-oldrel-macos-x86_64, r-oldrel-windows-x86_64