Last updated on 2025-04-29 13:51:27 CEST.
Flavor | Version | Tinstall | Tcheck | Ttotal | Status | Flags |
---|---|---|---|---|---|---|
r-devel-linux-x86_64-debian-clang | 4.2.2 | 13.18 | 213.60 | 226.78 | NOTE | |
r-devel-linux-x86_64-debian-gcc | 4.2.2 | 8.34 | 145.51 | 153.85 | NOTE | |
r-devel-linux-x86_64-fedora-clang | 4.2.2 | 339.77 | OK | |||
r-devel-linux-x86_64-fedora-gcc | 4.2.2 | 338.40 | OK | |||
r-devel-windows-x86_64 | 4.2.2 | 15.00 | 220.00 | 235.00 | OK | |
r-patched-linux-x86_64 | 4.2.2 | 13.89 | 202.58 | 216.47 | OK | |
r-release-linux-x86_64 | 4.2.2 | 11.91 | 202.82 | 214.73 | OK | |
r-release-macos-arm64 | 4.2.2 | 185.00 | OK | |||
r-release-macos-x86_64 | 4.2.2 | 189.00 | OK | |||
r-release-windows-x86_64 | 4.2.2 | 16.00 | 210.00 | 226.00 | OK | |
r-oldrel-macos-arm64 | 4.2.2 | 78.00 | OK | |||
r-oldrel-macos-x86_64 | 4.2.2 | 118.00 | OK | |||
r-oldrel-windows-x86_64 | 4.2.2 | 18.00 | 280.00 | 298.00 | OK |
Version: 4.2.2
Check: examples
Result: NOTE
Examples with CPU (user + system) or elapsed time > 5s
user system elapsed
mage 7.264 0.039 9.107
plot_daily 4.494 0.013 5.454
Flavor: r-devel-linux-x86_64-debian-clang
Version: 4.2.2
Check: examples
Result: NOTE
Examples with CPU (user + system) or elapsed time > 5s
user system elapsed
mage 4.297 0.036 5.605
Flavor: r-devel-linux-x86_64-debian-gcc