Last updated on 2025-04-30 07:55:10 CEST.
Flavor | Version | Tinstall | Tcheck | Ttotal | Status | Flags |
---|---|---|---|---|---|---|
r-devel-linux-x86_64-debian-clang | 0.1.0 | 2.84 | 37.79 | 40.63 | NOTE | |
r-devel-linux-x86_64-debian-gcc | 0.1.0 | 2.33 | 30.36 | 32.69 | NOTE | |
r-devel-linux-x86_64-fedora-clang | 0.1.0 | 63.48 | OK | |||
r-devel-linux-x86_64-fedora-gcc | 0.1.0 | 61.96 | OK | |||
r-devel-windows-x86_64 | 0.1.0 | 6.00 | 81.00 | 87.00 | OK | |
r-patched-linux-x86_64 | 0.1.0 | 4.15 | 35.55 | 39.70 | OK | |
r-release-linux-x86_64 | 0.1.0 | 3.12 | 35.78 | 38.90 | OK | |
r-release-macos-arm64 | 0.1.0 | 32.00 | OK | |||
r-release-macos-x86_64 | 0.1.0 | 50.00 | OK | |||
r-release-windows-x86_64 | 0.1.0 | 7.00 | 79.00 | 86.00 | OK | |
r-oldrel-macos-arm64 | 0.1.0 | 27.00 | OK | |||
r-oldrel-macos-x86_64 | 0.1.0 | 41.00 | OK | |||
r-oldrel-windows-x86_64 | 0.1.0 | 7.00 | 88.00 | 95.00 | OK |
Version: 0.1.0
Check: examples
Result: NOTE
Examples with CPU (user + system) or elapsed time > 5s
user system elapsed
ifpd 5.197 1.497 8.627
Flavor: r-devel-linux-x86_64-debian-clang
Version: 0.1.0
Check: examples
Result: NOTE
Examples with CPU (user + system) or elapsed time > 5s
user system elapsed
ifpd 3.537 2.602 7.073
Flavor: r-devel-linux-x86_64-debian-gcc