Last updated on 2025-07-16 23:49:17 CEST.
Flavor | Version | Tinstall | Tcheck | Ttotal | Status | Flags |
---|---|---|---|---|---|---|
r-devel-linux-x86_64-debian-clang | 0.23 | 12.06 | 105.86 | 117.92 | NOTE | --no-tests --no-vignettes |
r-devel-linux-x86_64-debian-gcc | 0.23 | 8.57 | 76.09 | 84.66 | NOTE | --no-tests --no-vignettes |
r-devel-linux-x86_64-fedora-clang | 0.23 | 644.64 | OK | |||
r-devel-linux-x86_64-fedora-gcc | 0.23 | 710.93 | OK | |||
r-devel-windows-x86_64 | 0.23 | 15.00 | 163.00 | 178.00 | OK | --no-vignettes |
r-patched-linux-x86_64 | 0.23 | 12.84 | 98.03 | 110.87 | OK | --no-tests --no-vignettes |
r-release-linux-x86_64 | 0.23 | 11.58 | 98.51 | 110.09 | OK | --no-tests --no-vignettes |
r-release-macos-arm64 | 0.23 | 474.00 | OK | |||
r-release-macos-x86_64 | 0.23 | 571.00 | OK | |||
r-release-windows-x86_64 | 0.23 | 16.00 | 260.00 | 276.00 | OK | --no-vignettes |
r-oldrel-macos-arm64 | 0.23 | 299.00 | OK | |||
r-oldrel-macos-x86_64 | 0.23 | 549.00 | OK | |||
r-oldrel-windows-x86_64 | 0.23 | 18.00 | 277.00 | 295.00 | OK | --no-vignettes |
Version: 0.23
Flags: --no-tests --no-vignettes
Check: CRAN incoming feasibility
Result: NOTE
Maintainer: ‘Joshua N. Pritikin <jpritikin@pobox.com>’
Package CITATION file contains call(s) to old-style citEntry(). Please
use bibentry() instead.
Flavors: r-devel-linux-x86_64-debian-clang, r-devel-linux-x86_64-debian-gcc