Last updated on 2024-06-29 23:49:53 CEST.
Flavor | Version | Tinstall | Tcheck | Ttotal | Status | Flags |
---|---|---|---|---|---|---|
r-devel-linux-x86_64-debian-clang | 2.0.16 | 84.43 | 169.01 | 253.44 | OK | |
r-devel-linux-x86_64-debian-gcc | 2.0.16 | 67.80 | 126.66 | 194.46 | OK | |
r-devel-linux-x86_64-fedora-clang | 2.0.16 | 337.65 | OK | |||
r-devel-linux-x86_64-fedora-gcc | 2.0.16 | 357.65 | OK | |||
r-devel-windows-x86_64 | 2.0.16 | 63.00 | 260.00 | 323.00 | OK | |
r-patched-linux-x86_64 | 2.0.16 | 82.99 | 171.08 | 254.07 | OK | |
r-release-linux-x86_64 | 2.0.16 | 78.03 | 170.04 | 248.07 | OK | |
r-release-macos-arm64 | 2.0.16 | 94.00 | NOTE | |||
r-release-macos-x86_64 | 2.0.16 | 163.00 | NOTE | |||
r-release-windows-x86_64 | 2.0.16 | 61.00 | 263.00 | 324.00 | OK | |
r-oldrel-macos-arm64 | 2.0.16 | 121.00 | NOTE | |||
r-oldrel-macos-x86_64 | 2.0.16 | 261.00 | NOTE | |||
r-oldrel-windows-x86_64 | 2.0.16 | 79.00 | 292.00 | 371.00 | OK |
Version: 2.0.16
Check: installed package size
Result: NOTE
installed size is 19.3Mb
sub-directories of 1Mb or more:
libs 17.8Mb
Flavors: r-release-macos-arm64, r-release-macos-x86_64, r-oldrel-macos-arm64, r-oldrel-macos-x86_64