CRAN Package Check Results for Package iDINGO

Last updated on 2025-07-10 02:51:08 CEST.

Flavor Version Tinstall Tcheck Ttotal Status Flags
r-devel-linux-x86_64-debian-clang 1.0.4 4.94 55.25 60.19 NOTE
r-devel-linux-x86_64-debian-gcc 1.0.4 3.41 37.68 41.09 NOTE
r-devel-linux-x86_64-fedora-clang 1.0.4 98.55 OK
r-devel-linux-x86_64-fedora-gcc 1.0.4 87.56 OK
r-devel-windows-x86_64 1.0.4 8.00 70.00 78.00 OK
r-patched-linux-x86_64 1.0.4 5.02 52.20 57.22 OK
r-release-linux-x86_64 1.0.4 4.15 51.41 55.56 OK
r-release-macos-arm64 1.0.4 34.00 OK
r-release-macos-x86_64 1.0.4 47.00 OK
r-release-windows-x86_64 1.0.4 7.00 69.00 76.00 OK
r-oldrel-macos-arm64 1.0.4 26.00 OK
r-oldrel-macos-x86_64 1.0.4 40.00 OK
r-oldrel-windows-x86_64 1.0.4 10.00 84.00 94.00 OK

Check Details

Version: 1.0.4
Check: CRAN incoming feasibility
Result: NOTE Maintainer: ‘Caleb A. Class <cclass@butler.edu>’ No Authors@R field in DESCRIPTION. Please add one, modifying Authors@R: c(person(given = c("Caleb", "A."), family = "Class", role = c("aut", "cre"), email = "cclass@butler.edu"), person(given = c("Min", "Jin"), family = "Ha", role = "aut", email = "mjha@mdanderson.org")) as necessary. Package CITATION file contains call(s) to old-style personList() or as.personList(). Please use c() on person objects instead. Package CITATION file contains call(s) to old-style citEntry(). Please use bibentry() instead. Flavors: r-devel-linux-x86_64-debian-clang, r-devel-linux-x86_64-debian-gcc