Last updated on 2025-10-31 20:48:41 CET.
| Flavor | Version | Tinstall | Tcheck | Ttotal | Status | Flags | 
|---|---|---|---|---|---|---|
| r-devel-linux-x86_64-debian-clang | 3.1-0 | 29.90 | 350.51 | 380.41 | NOTE | |
| r-devel-linux-x86_64-debian-gcc | 3.1-0 | 23.75 | 230.35 | 254.10 | NOTE | |
| r-devel-linux-x86_64-fedora-clang | 3.1-0 | 64.00 | 557.48 | 621.48 | NOTE | |
| r-devel-linux-x86_64-fedora-gcc | 3.1-0 | 68.00 | 507.88 | 575.88 | NOTE | |
| r-devel-windows-x86_64 | 3.1-0 | 40.00 | 368.00 | 408.00 | NOTE | |
| r-patched-linux-x86_64 | 3.1-0 | 33.91 | 335.52 | 369.43 | NOTE | |
| r-release-linux-x86_64 | 3.1-0 | 31.27 | 333.84 | 365.11 | NOTE | |
| r-release-macos-arm64 | 3.1-0 | 16.00 | 150.00 | 166.00 | NOTE | |
| r-release-macos-x86_64 | 3.1-0 | 24.00 | 323.00 | 347.00 | NOTE | |
| r-release-windows-x86_64 | 3.1-0 | 41.00 | 367.00 | 408.00 | NOTE | |
| r-oldrel-macos-arm64 | 3.1-0 | 15.00 | 137.00 | 152.00 | OK | |
| r-oldrel-macos-x86_64 | 3.1-0 | 39.00 | 544.00 | 583.00 | OK | |
| r-oldrel-windows-x86_64 | 3.1-0 | 49.00 | 500.00 | 549.00 | OK | 
Version: 3.1-0
Check: DESCRIPTION meta-information
Result: NOTE
    Missing dependency on R >= 4.1.0 because package code uses the pipe
    |> or function shorthand \(...) syntax added in R 4.1.0.
    File(s) using such syntax:
      ‘psubs.Rd’ ‘pwa.Rd’ ‘tennis.Rd’
Flavors: r-devel-linux-x86_64-debian-clang, r-devel-linux-x86_64-debian-gcc, r-devel-linux-x86_64-fedora-clang, r-devel-linux-x86_64-fedora-gcc, r-devel-windows-x86_64, r-patched-linux-x86_64, r-release-linux-x86_64, r-release-macos-arm64, r-release-macos-x86_64, r-release-windows-x86_64