Last updated on 2025-05-04 21:51:11 CEST.
Flavor | Version | Tinstall | Tcheck | Ttotal | Status | Flags |
---|---|---|---|---|---|---|
r-devel-linux-x86_64-debian-clang | 0.0.11 | 1.84 | 16.85 | 18.69 | NOTE | |
r-devel-linux-x86_64-debian-gcc | 0.0.11 | 1.24 | 14.07 | 15.31 | NOTE | |
r-devel-linux-x86_64-fedora-clang | 0.0.11 | 29.32 | NOTE | |||
r-devel-linux-x86_64-fedora-gcc | 0.0.11 | 28.04 | NOTE | |||
r-devel-windows-x86_64 | 0.0.11 | 2.00 | 35.00 | 37.00 | NOTE | |
r-patched-linux-x86_64 | 0.0.11 | 1.77 | 16.40 | 18.17 | NOTE | |
r-release-linux-x86_64 | 0.0.11 | 1.58 | 16.28 | 17.86 | NOTE | |
r-release-macos-arm64 | 0.0.11 | 15.00 | NOTE | |||
r-release-macos-x86_64 | 0.0.11 | 24.00 | NOTE | |||
r-release-windows-x86_64 | 0.0.11 | 3.00 | 39.00 | 42.00 | NOTE | |
r-oldrel-macos-arm64 | 0.0.11 | 18.00 | NOTE | |||
r-oldrel-macos-x86_64 | 0.0.11 | 27.00 | NOTE | |||
r-oldrel-windows-x86_64 | 0.0.11 | 3.00 | 36.00 | 39.00 | NOTE |
Version: 0.0.11
Check: CRAN incoming feasibility
Result: NOTE
Maintainer: ‘Andreas Westfeld <andreas.westfeld@htw-dresden.de>’
No Authors@R field in DESCRIPTION.
Please add one, modifying
Authors@R: c(person(given = c("Eryk", "Witold"),
family = "Wolski",
role = "aut"),
person(given = "Andreas",
family = "Westfeld",
role = c("aut", "cre"),
email = "andreas.westfeld@htw-dresden.de"))
as necessary.
Flavors: r-devel-linux-x86_64-debian-clang, r-devel-linux-x86_64-debian-gcc
Version: 0.0.11
Check: Rd files
Result: NOTE
checkRd: (-1) simplePostToHost.Rd:14: Escaped LaTeX specials: \&
Flavors: r-devel-linux-x86_64-debian-clang, r-devel-linux-x86_64-debian-gcc, r-devel-linux-x86_64-fedora-clang, r-devel-linux-x86_64-fedora-gcc, r-devel-windows-x86_64, r-patched-linux-x86_64, r-release-linux-x86_64, r-release-macos-arm64, r-release-macos-x86_64, r-release-windows-x86_64, r-oldrel-macos-arm64, r-oldrel-macos-x86_64, r-oldrel-windows-x86_64