CRAN Package Check Results for Package htmlwidgets

Last updated on 2025-10-21 11:53:26 CEST.

Flavor Version Tinstall Tcheck Ttotal Status Flags
r-devel-linux-x86_64-debian-clang 1.6.4 3.26 38.54 41.80 NOTE
r-devel-linux-x86_64-debian-gcc 1.6.4 2.48 31.73 34.21 NOTE
r-devel-linux-x86_64-fedora-clang 1.6.4 65.46 OK
r-devel-linux-x86_64-fedora-gcc 1.6.4 74.61 OK
r-devel-windows-x86_64 1.6.4 5.00 59.00 64.00 OK
r-patched-linux-x86_64 1.6.4 3.65 37.58 41.23 OK
r-release-linux-x86_64 1.6.4 3.18 37.09 40.27 OK
r-release-macos-arm64 1.6.4 47.00 OK
r-release-macos-x86_64 1.6.4 4.00 54.00 58.00 OK
r-release-windows-x86_64 1.6.4 6.00 60.00 66.00 OK
r-oldrel-macos-arm64 1.6.4 33.00 OK
r-oldrel-macos-x86_64 1.6.4 45.00 OK
r-oldrel-windows-x86_64 1.6.4 6.00 70.00 76.00 OK

Check Details

Version: 1.6.4
Check: HTML version of manual
Result: NOTE Found the following HTML validation problems: getDependency.html:50:1 (getDependency.Rd:12): Warning: missing </ul> before </div> saveWidget.html:82:1 (saveWidget.Rd:34): Warning: missing </ul> before </div> setWidgetIdSeed.html:62:1 (setWidgetIdSeed.Rd:20): Warning: missing </ul> before </div> Flavors: r-devel-linux-x86_64-debian-clang, r-devel-linux-x86_64-debian-gcc