Last updated on 2024-06-29 23:49:53 CEST.
Flavor | Version | Tinstall | Tcheck | Ttotal | Status | Flags |
---|---|---|---|---|---|---|
r-devel-linux-x86_64-debian-clang | 1.3.3 | 259.57 | 43.72 | 303.29 | OK | |
r-devel-linux-x86_64-debian-gcc | 1.3.3 | 195.45 | 32.73 | 228.18 | OK | |
r-devel-linux-x86_64-fedora-clang | 1.3.3 | 415.98 | OK | |||
r-devel-linux-x86_64-fedora-gcc | 1.3.3 | 495.61 | OK | |||
r-devel-windows-x86_64 | 1.3.3 | 199.00 | 83.00 | 282.00 | OK | |
r-patched-linux-x86_64 | 1.3.3 | 232.86 | 40.89 | 273.75 | OK | |
r-release-linux-x86_64 | 1.3.3 | 211.06 | 41.81 | 252.87 | OK | |
r-release-macos-arm64 | 1.3.3 | 80.00 | NOTE | |||
r-release-macos-x86_64 | 1.3.3 | 71.00 | NOTE | |||
r-release-windows-x86_64 | 1.3.3 | 196.00 | 91.00 | 287.00 | OK | |
r-oldrel-macos-arm64 | 1.3.3 | 84.00 | NOTE | |||
r-oldrel-macos-x86_64 | 1.3.3 | 102.00 | NOTE | |||
r-oldrel-windows-x86_64 | 1.3.3 | 245.00 | 99.00 | 344.00 | OK |
Version: 1.3.3
Check: installed package size
Result: NOTE
installed size is 15.1Mb
sub-directories of 1Mb or more:
libs 14.8Mb
Flavors: r-release-macos-arm64, r-release-macos-x86_64, r-oldrel-macos-arm64, r-oldrel-macos-x86_64