Last updated on 2024-06-29 11:49:14 CEST.
Flavor | Version | Tinstall | Tcheck | Ttotal | Status | Flags |
---|---|---|---|---|---|---|
r-devel-linux-x86_64-debian-clang | 1.0.2 | 255.17 | 311.34 | 566.51 | OK | |
r-devel-linux-x86_64-debian-gcc | 1.0.2 | 214.50 | 225.10 | 439.60 | OK | |
r-devel-linux-x86_64-fedora-clang | 1.0.2 | 709.68 | OK | |||
r-devel-linux-x86_64-fedora-gcc | 1.0.2 | 824.44 | OK | |||
r-devel-windows-x86_64 | 1.0.2 | 170.00 | 229.00 | 399.00 | NOTE | |
r-patched-linux-x86_64 | 1.0.2 | 175.21 | 295.42 | 470.63 | OK | |
r-release-linux-x86_64 | 1.0.2 | 194.28 | 295.96 | 490.24 | OK | |
r-release-macos-arm64 | 1.0.2 | 160.00 | NOTE | |||
r-release-macos-x86_64 | 1.0.2 | 254.00 | NOTE | |||
r-release-windows-x86_64 | 1.0.2 | 163.00 | 223.00 | 386.00 | NOTE | |
r-oldrel-macos-arm64 | 1.0.2 | 161.00 | NOTE | |||
r-oldrel-macos-x86_64 | 1.0.2 | 408.00 | NOTE | |||
r-oldrel-windows-x86_64 | 1.0.2 | 226.00 | 305.00 | 531.00 | NOTE |
Version: 1.0.2
Check: installed package size
Result: NOTE
installed size is 14.9Mb
sub-directories of 1Mb or more:
libs 13.7Mb
Flavors: r-devel-windows-x86_64, r-release-macos-arm64, r-release-macos-x86_64, r-release-windows-x86_64, r-oldrel-macos-arm64, r-oldrel-macos-x86_64, r-oldrel-windows-x86_64