Last updated on 2025-05-04 09:49:15 CEST.
Flavor | Version | Tinstall | Tcheck | Ttotal | Status | Flags |
---|---|---|---|---|---|---|
r-devel-linux-x86_64-debian-clang | 0.1-3 | 4.17 | 23.85 | 28.02 | NOTE | |
r-devel-linux-x86_64-debian-gcc | 0.1-3 | 3.09 | 18.63 | 21.72 | NOTE | |
r-devel-linux-x86_64-fedora-clang | 0.1-3 | 43.65 | OK | |||
r-devel-linux-x86_64-fedora-gcc | 0.1-3 | 41.11 | OK | |||
r-devel-windows-x86_64 | 0.1-3 | 7.00 | 47.00 | 54.00 | OK | |
r-patched-linux-x86_64 | 0.1-3 | 4.32 | 22.39 | 26.71 | OK | |
r-release-linux-x86_64 | 0.1-3 | 3.74 | 21.85 | 25.59 | OK | |
r-release-macos-arm64 | 0.1-3 | 17.00 | OK | |||
r-release-macos-x86_64 | 0.1-3 | 27.00 | OK | |||
r-release-windows-x86_64 | 0.1-3 | 7.00 | 49.00 | 56.00 | OK | |
r-oldrel-macos-arm64 | 0.1-3 | 17.00 | OK | |||
r-oldrel-macos-x86_64 | 0.1-3 | 23.00 | OK | |||
r-oldrel-windows-x86_64 | 0.1-3 | 7.00 | 55.00 | 62.00 | OK |
Version: 0.1-3
Check: CRAN incoming feasibility
Result: NOTE
Maintainer: ‘Alex T. Kalinka <alex.t.kalinka@gmail.com>’
No Authors@R field in DESCRIPTION.
Please add one, modifying
Authors@R: person(given = c("Alex", "T."),
family = "Kalinka",
role = c("aut", "cre"),
email = "alex.t.kalinka@gmail.com")
as necessary.
Package CITATION file contains call(s) to old-style personList() or
as.personList(). Please use c() on person objects instead.
Package CITATION file contains call(s) to old-style citEntry(). Please
use bibentry() instead.
The Description field contains
numbers of balls belonging to the same n categories. <arXiv:1305.0717>.
Please refer to arXiv e-prints via their arXiv DOI <doi:10.48550/arXiv.YYMM.NNNNN>.
Flavors: r-devel-linux-x86_64-debian-clang, r-devel-linux-x86_64-debian-gcc