Last updated on 2024-07-02 01:57:11 CEST.
Flavor | Version | Tinstall | Tcheck | Ttotal | Status | Flags |
---|---|---|---|---|---|---|
r-devel-linux-x86_64-debian-clang | 0.9.0 | 39.92 | 164.15 | 204.07 | NOTE | |
r-devel-linux-x86_64-debian-gcc | 0.9.0 | 28.71 | 137.28 | 165.99 | NOTE | |
r-devel-linux-x86_64-fedora-clang | 0.9.0 | 278.05 | NOTE | |||
r-devel-linux-x86_64-fedora-gcc | 0.9.0 | 309.90 | NOTE | |||
r-devel-windows-x86_64 | 0.9.0 | 36.00 | 193.00 | 229.00 | NOTE | |
r-patched-linux-x86_64 | 0.9.0 | 35.51 | 183.52 | 219.03 | NOTE | |
r-release-linux-x86_64 | 0.9.0 | 36.72 | 182.10 | 218.82 | NOTE | |
r-release-macos-arm64 | 0.9.0 | 119.00 | NOTE | |||
r-release-macos-x86_64 | 0.9.0 | 151.00 | NOTE | |||
r-release-windows-x86_64 | 0.9.0 | 35.00 | 184.00 | 219.00 | NOTE | |
r-oldrel-macos-arm64 | 0.9.0 | 137.00 | NOTE | |||
r-oldrel-macos-x86_64 | 0.9.0 | 180.00 | NOTE | |||
r-oldrel-windows-x86_64 | 0.9.0 | 43.00 | 203.00 | 246.00 | NOTE |
Version: 0.9.0
Check: C++ specification
Result: NOTE
Specified C++11: please drop specification unless essential
Flavors: r-devel-linux-x86_64-debian-clang, r-devel-linux-x86_64-debian-gcc, r-devel-linux-x86_64-fedora-clang, r-devel-linux-x86_64-fedora-gcc, r-devel-windows-x86_64, r-patched-linux-x86_64, r-release-linux-x86_64, r-release-macos-arm64, r-release-macos-x86_64, r-release-windows-x86_64, r-oldrel-macos-arm64, r-oldrel-macos-x86_64, r-oldrel-windows-x86_64